
INSERT INTO `oxseo` (`OXOBJECTID`,`OXIDENT`,`OXSHOPID`,`OXLANG`,`OXSTDURL`,`OXSEOURL`,`OXTYPE`,`OXFIXED`,`OXEXPIRED`,`OXPARAMS`,`OXTIMESTAMP`) VALUES ('ce79015b6f6f07612270975889','7171e1a996c3396cb50fb975315d74ae',1,0,'index.php?cl=content&amp;oxloadid=oxstartmetadescription&amp;oxcid=ce79015b6f6f07612270975889','META-Description-Startseite/','oxcontent',0,0,'','2023-02-22 12:51:14'),('ce77743c334edf92b0cab924a7','76ee0ce8a30a6a07c3fe9339e65f6ce3',1,0,'index.php?cl=content&amp;oxloadid=oxstartmetakeywords&amp;oxcid=ce77743c334edf92b0cab924a7','META-Keywords-Startseite/','oxcontent',0,0,'','2023-02-22 12:56:00'),('3230b89947aca2ba1dd680ddbbe645cf','badbc30764b42e875111b288f9916177',1,0,'index.php?cl=content&amp;oxloadid=oxstartslot2&amp;oxcid=3230b89947aca2ba1dd680ddbbe645cf','Startpage-Intro-Teaser-2/','oxcontent',0,0,'','2023-03-27 11:54:57'),('09a6aa15b12b83cc2c58036e60312b91','5a15b571a0a0967d1d7c87dd664a6aae',1,0,'index.php?cl=content&amp;oxloadid=oxstartslot3&amp;oxcid=09a6aa15b12b83cc2c58036e60312b91','Startpage-Intro-Teaser-3/','oxcontent',0,0,'','2023-03-29 13:57:34'),('5996207421fd1543cc78126b72241d6c','4fd795aa50641b5c50fb8429506c6847',1,0,'index.php?cl=content&amp;oxloadid=oxstartslot4&amp;oxcid=5996207421fd1543cc78126b72241d6c','Startpage-Intro-Teaser-4/','oxcontent',0,0,'','2023-03-29 13:57:44'),('44c85e095dc307e3153eabff9444d7b0','543a4bd14e7996f349e2977f207b4bbc',1,0,'index.php?cl=content&amp;oxloadid=oxstartslot1&amp;oxcid=44c85e095dc307e3153eabff9444d7b0','Startpage-Intro-Teaser/','oxcontent',0,0,'','2023-03-16 10:30:01'),('ce79015b6f6f07612270975889','4e11489471a7d42c388a9ac60d2326e8',1,1,'index.php?cl=content&amp;oxloadid=oxstartmetadescription&amp;oxcid=ce79015b6f6f07612270975889','en/META-description-start-page/','oxcontent',0,0,'','2023-02-27 10:09:45'),('ce77743c334edf92b0cab924a7','bee43c8aa391fb7f844f0f4cee152bf6',1,1,'index.php?cl=content&amp;oxloadid=oxstartmetakeywords&amp;oxcid=ce77743c334edf92b0cab924a7','en/META-keywords-start-page/','oxcontent',0,0,'','2023-02-27 10:09:45'),('3230b89947aca2ba1dd680ddbbe645cf','35370e0ea9171e103b01f0f918539f30',1,1,'index.php?cl=content&amp;oxloadid=oxstartslot2&amp;oxcid=3230b89947aca2ba1dd680ddbbe645cf','en/Startpage-Intro-Teaser-2/','oxcontent',0,0,'','2023-03-27 14:57:34'),('09a6aa15b12b83cc2c58036e60312b91','b4a2ddb4ce2f2e7b5c276a37a2f18f74',1,1,'index.php?cl=content&amp;oxloadid=oxstartslot3&amp;oxcid=09a6aa15b12b83cc2c58036e60312b91','en/Startpage-Intro-Teaser-3/','oxcontent',0,0,'','2023-03-29 13:57:23'),('5996207421fd1543cc78126b72241d6c','25df629098fee03c9e321228bdfdb65c',1,1,'index.php?cl=content&amp;oxloadid=oxstartslot4&amp;oxcid=5996207421fd1543cc78126b72241d6c','en/Startpage-Intro-Teaser-4/','oxcontent',0,0,'','2023-03-29 13:57:51'),('44c85e095dc307e3153eabff9444d7b0','bfc4d56e99773ef938ce9e2eb81cd590',1,1,'index.php?cl=content&amp;oxloadid=oxstartslot1&amp;oxcid=44c85e095dc307e3153eabff9444d7b0','en/Startpage-Intro-Teaser/','oxcontent',0,0,'','2023-03-27 14:17:21'),('03bdf15189046f30590ac42d0329f87e','cee787bc368d6ad0342433840423c2cc',1,0,'index.php?cl=content&amp;oxloadid=oxheaderusps&amp;oxcid=03bdf15189046f30590ac42d0329f87e','Header-USPs/','oxcontent',0,0,'','2023-04-13 12:54:32'),('03bdf15189046f30590ac42d0329f87e','038ae4f3ffcfc5feefd9064f0e6668fe',1,1,'index.php?cl=content&amp;oxloadid=oxheaderusps&amp;oxcid=03bdf15189046f30590ac42d0329f87e','en/USPs-for-Header/','oxcontent',0,0,'','2023-04-13 13:00:57'),('0edde8399e69e803a10cd3c293ad56ab','8e99ebce255abad91fbf10be276c8283',1,0,'index.php?cl=content&amp;oxloadid=oxstartusps&amp;oxcid=0edde8399e69e803a10cd3c293ad56ab','USPs-fuer-Startseite/','oxcontent',0,1,'','2023-04-13 13:02:24'),('0edde8399e69e803a10cd3c293ad56ab','9d73e920755b7140506ecc05df2a07eb',1,1,'index.php?cl=content&amp;oxloadid=oxstartusps&amp;oxcid=0edde8399e69e803a10cd3c293ad56ab','en/Startpage-USPs/','oxcontent',0,1,'','2023-04-13 13:00:34');

INSERT INTO `oxseo` (`OXOBJECTID`,`OXIDENT`,`OXSHOPID`,`OXLANG`,`OXSTDURL`,`OXSEOURL`,`OXTYPE`,`OXFIXED`,`OXEXPIRED`,`OXPARAMS`,`OXTIMESTAMP`) VALUES ('90606fd91cc9d5dbcd24caa7f9a77a1b','453b81887e65298c21aa1e5b3fe33de0',1,0,'index.php?cl=content&amp;oxloadid=sparen&amp;oxcid=90606fd91cc9d5dbcd24caa7f9a77a1b','Attraktives-Sparen/','oxcontent',0,0,'','2023-04-06 10:47:46'),('0bf2cac712726debc7b2e5c4fed80a72','88ae2be6d9929ef0c7780144ea148d11',1,0,'index.php?cl=content&amp;oxloadid=fashion&amp;oxcid=0bf2cac712726debc7b2e5c4fed80a72','Fashion/','oxcontent',0,0,'','2023-04-06 09:18:02'),('a357216ea522684255da72cc908714e3','a00f9113e351832d64fed73643fda630',1,0,'index.php?cl=content&amp;oxloadid=felgenzumhalbenpreis&amp;oxcid=a357216ea522684255da72cc908714e3','Felgen-zum-halben-Preis/','oxcontent',0,0,'','2023-04-06 10:58:55'),('12c17f85fedc133532ed3ff0caec3273','3b31fba1fd2653d917f32e51e678564c',1,0,'index.php?cl=content&amp;oxloadid=kundenservice&amp;oxcid=12c17f85fedc133532ed3ff0caec3273','Kundenservice/','oxcontent',0,0,'','2023-04-06 09:29:43'),('561f9470fa7b0fec3d4c52add964a807','9d68a693d35ac3d1466ba6a442f7caa4',1,0,'index.php?cl=content&amp;oxloadid=ab54856e279f74df2ec30805c6e36d3a&amp;oxcid=561f9470fa7b0fec3d4c52add964a807','OX5-Family-SUV-Der-Familienfreundliche/','oxcontent',0,0,'','2023-04-06 08:49:16'),('94edc79bf3c746037b35d9e71180b9e3','9e7ad558667d5660d98e24321024d2f2',1,0,'index.php?cl=content&amp;oxloadid=nexa_x3_blueeagle&amp;oxcid=94edc79bf3c746037b35d9e71180b9e3','OXID-eMotor-Nexa-X3-BlueEagle-Ab-sofort-auch-in-blau/','oxcontent',0,0,'','2023-04-06 10:50:43'),('608da57fba8b5f2c4418e73144866e34','62d3c3130f7ca764d3973d420cd6c8ec',1,0,'index.php?cl=content&amp;oxloadid=ersatzteile&amp;oxcid=608da57fba8b5f2c4418e73144866e34','OXID-eMotors-Autoersatzteile/','oxcontent',0,1,'','2023-04-06 09:56:13'),('f9ec73747172e572eecadd75d1239200','a5472bd83a73d46ca8e5884d7af273c2',1,0,'index.php?cl=content&amp;oxloadid=schnelleundleistungsstarkeautos&amp;oxcid=f9ec73747172e572eecadd75d1239200','Sportwagen/','oxcontent',0,0,'','2023-04-06 11:56:43'),('7d3ceca4ec7869ede0611fc0ae6724b6','9b4b0c344ff1fa19711869b6a1e21bc8',1,0,'index.php?cl=content&amp;oxloadid=unserkastenwagen&amp;oxcid=7d3ceca4ec7869ede0611fc0ae6724b6','Unser-Kastenwagen-Praktisch-Flexibel-und-Sparsam/','oxcontent',0,0,'','2023-04-06 08:48:58'),('90606fd91cc9d5dbcd24caa7f9a77a1b','ea1d229027abe6379e1145ecbbdd42db',1,1,'index.php?cl=content&amp;oxloadid=sparen&amp;oxcid=90606fd91cc9d5dbcd24caa7f9a77a1b','en/Attractive-savings/','oxcontent',0,0,'','2023-04-06 10:47:46'),('12c17f85fedc133532ed3ff0caec3273','f290b46fa46deabe4b61cef8936706b0',1,1,'index.php?cl=content&amp;oxloadid=kundenservice&amp;oxcid=12c17f85fedc133532ed3ff0caec3273','en/Customer-service/','oxcontent',0,0,'','2023-04-06 09:29:52'),('0bf2cac712726debc7b2e5c4fed80a72','70ad9f6789c1265c41a5350d12381553',1,1,'index.php?cl=content&amp;oxloadid=fashion&amp;oxcid=0bf2cac712726debc7b2e5c4fed80a72','en/Fashion/','oxcontent',0,0,'','2023-04-06 09:19:15'),('561f9470fa7b0fec3d4c52add964a807','e0b8538d1dff4286abadf297890698a7',1,1,'index.php?cl=content&amp;oxloadid=ab54856e279f74df2ec30805c6e36d3a&amp;oxcid=561f9470fa7b0fec3d4c52add964a807','en/OX5-Family-SUV-The-family-friendly-choice/','oxcontent',0,0,'','2023-04-06 11:49:57'),('94edc79bf3c746037b35d9e71180b9e3','d4101f25c2287e5f27d570493ad6ca5c',1,1,'index.php?cl=content&amp;oxloadid=nexa_x3_blueeagle&amp;oxcid=94edc79bf3c746037b35d9e71180b9e3','en/OXID-eMotor-Nexa-X3-BlueEagle-Now-also-available-in-blue/','oxcontent',0,0,'','2023-04-06 10:54:05'),('608da57fba8b5f2c4418e73144866e34','16dba54ca56d4c777f520e20b8f57a54',1,1,'index.php?cl=content&amp;oxloadid=ersatzteile&amp;oxcid=608da57fba8b5f2c4418e73144866e34','en/OXID-eMotors-Car-spare-parts/','oxcontent',0,1,'','2023-04-06 09:56:37'),('7d3ceca4ec7869ede0611fc0ae6724b6','57237a398596c93c48f97f57b5b0bf43',1,1,'index.php?cl=content&amp;oxloadid=unserkastenwagen&amp;oxcid=7d3ceca4ec7869ede0611fc0ae6724b6','en/Our-van-Practical-Flexible-and-Economical/','oxcontent',0,0,'','2023-04-06 11:49:57'),('a357216ea522684255da72cc908714e3','d5234c702f6f0df476add144d10dba3d',1,1,'index.php?cl=content&amp;oxloadid=felgenzumhalbenpreis&amp;oxcid=a357216ea522684255da72cc908714e3','en/Rims-for-half-price/','oxcontent',0,0,'','2023-04-06 10:58:55'),('f9ec73747172e572eecadd75d1239200','01841d4ba65a354742674d80afc54a1b',1,1,'index.php?cl=content&amp;oxloadid=schnelleundleistungsstarkeautos&amp;oxcid=f9ec73747172e572eecadd75d1239200','en/Sports-car-the-fast-powerful-and-stylish-car/','oxcontent',0,0,'','2023-04-06 11:56:47');

INSERT INTO `oxstates` (`OXID`, `OXCOUNTRYID`, `OXTITLE`, `OXISOALPHA2`, `OXTITLE_1`, `OXTITLE_2`, `OXTITLE_3`, `OXTIMESTAMP`) VALUES ('AA','8f241f11096877ac0.98748826','Armed Forces Americas','AA','Armed Forces Americas','','','2022-05-10 14:45:07'),('AB','8f241f11095649d18.02676059','Alberta','AB','Alberta','','','2022-05-10 14:45:07'),('AE','8f241f11096877ac0.98748826','Armed Forces','AE','Armed Forces','','','2022-05-10 14:45:07'),('AK','8f241f11096877ac0.98748826','Alaska','AK','Alaska','','','2022-05-10 14:45:07'),('AL','8f241f11096877ac0.98748826','Alabama','AL','Alabama','','','2022-05-10 14:45:07'),('AP','8f241f11096877ac0.98748826','Armed Forces Pacific','AP','Armed Forces Pacific','','','2022-05-10 14:45:07'),('AR','8f241f11096877ac0.98748826','Arkansas','AR','Arkansas','','','2022-05-10 14:45:07'),('AS','8f241f11096877ac0.98748826','Amerikanisch-Samoa','AS','American Samoa','','','2022-05-10 14:45:07'),('AZ','8f241f11096877ac0.98748826','Arizona','AZ','Arizona','','','2022-05-10 14:45:07'),('BC','8f241f11095649d18.02676059','Britisch-Kolumbien','BC','British Columbia','','','2022-05-10 14:45:07'),('CA','8f241f11096877ac0.98748826','Kalifornien','CA','California','','','2022-05-10 14:45:07'),('CO','8f241f11096877ac0.98748826','Colorado','CO','Colorado','','','2022-05-10 14:45:07'),('CT','8f241f11096877ac0.98748826','Connecticut','CT','Connecticut','','','2022-05-10 14:45:07'),('DC','8f241f11096877ac0.98748826','District of Columbia','DC','District of Columbia','','','2022-05-10 14:45:07'),('DE','8f241f11096877ac0.98748826','Delaware','DE','Delaware','','','2022-05-10 14:45:07'),('FL','8f241f11096877ac0.98748826','Florida','FL','Florida','','','2022-05-10 14:45:07'),('FM','8f241f11096877ac0.98748826','Föderierten Staaten von Mikronesien','FM','Federated States of Micronesia','','','2022-05-10 14:45:07'),('GA','8f241f11096877ac0.98748826','Georgia','GA','Georgia','','','2022-05-10 14:45:07'),('GU','8f241f11096877ac0.98748826','Guam','GU','Guam','','','2022-05-10 14:45:07'),('HI','8f241f11096877ac0.98748826','Hawaii','HI','Hawaii','','','2022-05-10 14:45:07'),('IA','8f241f11096877ac0.98748826','Iowa','IA','Iowa','','','2022-05-10 14:45:07'),('ID','8f241f11096877ac0.98748826','Idaho','ID','Idaho','','','2022-05-10 14:45:07'),('IL','8f241f11096877ac0.98748826','Illinois','IL','Illinois','','','2022-05-10 14:45:07'),('IN','8f241f11096877ac0.98748826','Indiana','IN','Indiana','','','2022-05-10 14:45:07'),('KS','8f241f11096877ac0.98748826','Kansas','KS','Kansas','','','2022-05-10 14:45:07'),('KY','8f241f11096877ac0.98748826','Kentucky','KY','Kentucky','','','2022-05-10 14:45:07'),('LA','8f241f11096877ac0.98748826','Louisiana','LA','Louisiana','','','2022-05-10 14:45:07'),('MA','8f241f11096877ac0.98748826','Massachusetts','MA','Massachusetts','','','2022-05-10 14:45:07'),('MB','8f241f11095649d18.02676059','Manitoba','MB','Manitoba','','','2022-05-10 14:45:07'),('MD','8f241f11096877ac0.98748826','Maryland','MD','Maryland','','','2022-05-10 14:45:07'),('ME','8f241f11096877ac0.98748826','Maine','ME','Maine','','','2022-05-10 14:45:07'),('MH','8f241f11096877ac0.98748826','Marshallinseln','MH','Marshall Islands','','','2022-05-10 14:45:07'),('MI','8f241f11096877ac0.98748826','Michigan','MI','Michigan','','','2022-05-10 14:45:07'),('MN','8f241f11096877ac0.98748826','Minnesota','MN','Minnesota','','','2022-05-10 14:45:07'),('MO','8f241f11096877ac0.98748826','Missouri','MO','Missouri','','','2022-05-10 14:45:07'),('MP','8f241f11096877ac0.98748826','Nördlichen Marianen','MP','Northern Mariana Islands','','','2022-05-10 14:45:07'),('MS','8f241f11096877ac0.98748826','Mississippi','MS','Mississippi','','','2022-05-10 14:45:07'),('MT','8f241f11096877ac0.98748826','Montana','MT','Montana','','','2022-05-10 14:45:07'),('NB','8f241f11095649d18.02676059','Neubraunschweig','NB','New Brunswick','','','2022-05-10 14:45:07'),('NC','8f241f11096877ac0.98748826','North Carolina','NC','North Carolina','','','2022-05-10 14:45:07'),('ND','8f241f11096877ac0.98748826','North Dakota','ND','North Dakota','','','2022-05-10 14:45:07'),('NE','8f241f11096877ac0.98748826','Nebraska','NE','Nebraska','','','2022-05-10 14:45:07'),('NF','8f241f11095649d18.02676059','Neufundland und Labrador','NF','Newfoundland and Labrador','','','2022-05-10 14:45:07'),('NH','8f241f11096877ac0.98748826','New Hampshire','NH','New Hampshire','','','2022-05-10 14:45:07'),('NJ','8f241f11096877ac0.98748826','New Jersey','NJ','New Jersey','','','2022-05-10 14:45:07'),('NM','8f241f11096877ac0.98748826','Neumexiko','NM','New Mexico','','','2022-05-10 14:45:07'),('NS','8f241f11095649d18.02676059','Nova Scotia','NS','Nova Scotia','','','2022-05-10 14:45:07'),('NT','8f241f11095649d18.02676059','Nordwest-Territorien','NT','Northwest Territories','','','2022-05-10 14:45:07'),('NU','8f241f11095649d18.02676059','Nunavut','NU','Nunavut','','','2022-05-10 14:45:07'),('NV','8f241f11096877ac0.98748826','Nevada','NV','Nevada','','','2022-05-10 14:45:07'),('NY','8f241f11096877ac0.98748826','New York','NY','New York','','','2022-05-10 14:45:07'),('OH','8f241f11096877ac0.98748826','Ohio','OH','Ohio','','','2022-05-10 14:45:07'),('OK','8f241f11096877ac0.98748826','Oklahoma','OK','Oklahoma','','','2022-05-10 14:45:07'),('ON','8f241f11095649d18.02676059','Ontario','ON','Ontario','','','2022-05-10 14:45:07'),('OR','8f241f11096877ac0.98748826','Oregon','OR','Oregon','','','2022-05-10 14:45:07'),('PA','8f241f11096877ac0.98748826','Pennsylvania','PA','Pennsylvania','','','2022-05-10 14:45:07'),('PE','8f241f11095649d18.02676059','Prince Edward Island','PE','Prince Edward Island','','','2022-05-10 14:45:07'),('PR','8f241f11096877ac0.98748826','Puerto Rico','PR','Puerto Rico','','','2022-05-10 14:45:07'),('PW','8f241f11096877ac0.98748826','Palau','PW','Palau','','','2022-05-10 14:45:07'),('QC','8f241f11095649d18.02676059','Quebec','QC','Quebec','','','2022-05-10 14:45:07'),('RI','8f241f11096877ac0.98748826','Rhode Island','RI','Rhode Island','','','2022-05-10 14:45:07'),('SC','8f241f11096877ac0.98748826','Südkarolina','SC','South Carolina','','','2022-05-10 14:45:07'),('SD','8f241f11096877ac0.98748826','Süddakota','SD','South Dakota','','','2022-05-10 14:45:07'),('SK','8f241f11095649d18.02676059','Saskatchewan','SK','Saskatchewan','','','2022-05-10 14:45:07'),('TN','8f241f11096877ac0.98748826','Tennessee','TN','Tennessee','','','2022-05-10 14:45:07'),('TX','8f241f11096877ac0.98748826','Texas','TX','Texas','','','2022-05-10 14:45:07'),('UT','8f241f11096877ac0.98748826','Utah','UT','Utah','','','2022-05-10 14:45:07'),('VA','8f241f11096877ac0.98748826','Virginia','VA','Virginia','','','2022-05-10 14:45:07'),('VI','8f241f11096877ac0.98748826','Jungferninseln','VI','Virgin Islands','','','2022-05-10 14:45:07'),('VT','8f241f11096877ac0.98748826','Vermont','VT','Vermont','','','2022-05-10 14:45:07'),('WA','8f241f11096877ac0.98748826','Washington','WA','Washington','','','2022-05-10 14:45:07'),('WI','8f241f11096877ac0.98748826','Wisconsin','WI','Wisconsin','','','2022-05-10 14:45:07'),('WV','8f241f11096877ac0.98748826','West Virginia','WV','West Virginia','','','2022-05-10 14:45:07'),('WY','8f241f11096877ac0.98748826','Wyoming','WY','Wyoming','','','2022-05-10 14:45:07'),('YK','8f241f11095649d18.02676059','Yukon','YK','Yukon','','','2022-05-10 14:45:07');

INSERT INTO `oxuser` (`OXID`, `OXACTIVE`, `OXRIGHTS`, `OXSHOPID`, `OXUSERNAME`, `OXPASSWORD`, `OXPASSSALT`, `OXCUSTNR`, `OXUSTID`, `OXCOMPANY`, `OXFNAME`, `OXLNAME`, `OXSTREET`, `OXSTREETNR`, `OXADDINFO`, `OXCITY`, `OXCOUNTRYID`, `OXSTATEID`, `OXZIP`, `OXFON`, `OXFAX`, `OXSAL`, `OXBONI`, `OXCREATE`, `OXREGISTER`, `OXPRIVFON`, `OXMOBFON`, `OXBIRTHDATE`, `OXURL`, `OXUPDATEKEY`, `OXUPDATEEXP`, `OXPOINTS`, `OXTIMESTAMP`) VALUES ('01ba0f60-bd8e-4c01-bcf6-aa457bcb',1,'user',1,'JanvierJaimesVelasquez@cuvox.de','$2y$10$g9k.jwzudGx9L9ESHXLgdeByGuQAOCuJ69/9KkdvOOwCP8Onq0fAe','',41,'','Omni Realty','Janvier','Jaimes','Wilkinson Street','2215','','Springfield','8f241f11096877ac0.98748826','','37172','615-384-2150','','MR',1000,'2023-03-15 08:53:42','2023-03-15 08:53:42','','','1998-06-17','','',0,0,'2023-03-15 08:55:52'),('42bec175555a6cf22af4b7968d10619d',1,'user',1,'PhilipJohnsen@gustr.com','$2y$10$S3ISvSSUXPrDv7LdVJt4BuG8LR5laJ74X6oZ95Q7Py/omjUBJaaGq','',57,'','MegaSolutions','Philip','Johnsen','Bleibtreustraße','11','','Orsingen-Nenzingen','a7c40f631fc920687.20179984','','78359','07771 56 92 86','','MR',1000,'2023-03-15 08:53:42','2023-03-15 08:53:42','','','1967-01-27','','',0,0,'2023-03-15 09:09:09'),('061aa1cd-19ce-4508-86c5-dee32c86',1,'user',1,'GinevraUdinesi@armyspy.com','$2y$10$mog5ub.pEO8aWFRk2fLBqevGAZcBhHsElzdibZEmMzQ3NMNl6bKWm','',97,'','Pace Membership Warehouse','Ginevra','Udinesi','Plattenstrasse','45','','Rain','a7c40f6321c6f6109.43859248','','6026','041 833 82 27','','MRS',1000,'2023-03-15 08:53:42','2023-03-15 08:53:42','','','1999-01-26','','',0,0,'2023-03-15 08:27:55'),('06823b68-e4c3-4da8-b011-147195d9',1,'user',1,'HazelJPhelps@rhyta.com','$2y$10$KJB7RljC/bZlqcPiR8PudOzITO/GV0R2k.4CeiEsWVGB5XkFeLJUK','',92,'','Walt\'s IGA','Hazel','Phelps','Ollenhauer Str.','88','','Stuttgart Kaltental','a7c40f631fc920687.20179984','','70569','0711 18 38 10','','MRS',1000,'2023-03-15 08:53:42','2023-03-15 08:53:42','','','1959-08-09','','',0,0,'2023-03-15 08:30:00'),('07bebb4b-d7e2-4914-8b7a-9e539dee',1,'user',1,'OctaveRobitaille@superrito.com','$2y$10$DJNq13f4MgBkz0igeDT7oe3ADX.wZby.SCbzyh4/56MmJ7rHm4Aua','',90,'','Seamans Furniture','Octave','Robitaille','Wolfensbergstrasse','122','','Risch','a7c40f6321c6f6109.43859248','','6343','041 554 76 97','','MR',1000,'2023-03-15 08:53:42','2023-03-15 08:53:42','','','1956-01-12','','',0,0,'2023-03-15 09:06:34'),('08699ef3-cdd7-40b0-a302-481c3d0f',1,'user',1,'TomasTForeman@rhyta.com','$2y$10$.Cl00t23N41evWilSjzms.X7t8qwmmCfAzB2fhIeDcq1ls13Cc1jy','',50,'','Beaver Lumber','Tomas','Foreman','Grazer Strasse','41','','HARDEGG','a7c40f6320aeb2ec2.72885259','','8454','0660 493 62 75','','MR',1000,'2023-03-15 08:53:42','2023-03-15 08:53:42','','','1963-01-12','','',0,0,'2023-03-15 09:16:48'),('0cb2cfbd-50bd-4faf-801d-fea5d21d',1,'user',1,'AlfredaCremonesi@superrito.com','$2y$10$jEWDI6XP72S6ySWtYWQzlOTuFHsW83Q8rmmQ1HzJUk7n5Fc8iVFHK','',95,'','Envirotecture Design Service','Alfreda','Cremonesi','Hart Road','93','','NORTON','a7c40f632a0804ab5.18804076','','WA7 7QU','079 7627 0751','','MRS',1000,'2023-03-15 08:53:42','2023-03-15 08:53:42','','','1970-08-17','','',0,0,'2023-03-15 07:57:48'),('0fcd2749-b29c-4681-a750-8e031fb7',1,'user',1,'HelleBakken@gustr.com','$2y$10$PT.nbN1VstiM/SSflGf7ju8K7QwuuosHCdqTRqiTP4xDGbd2IFSoe','',17,'','LoRay','Helle','Bakken','Wellington Street','2402','','Toronto','8f241f11095649d18.02676059','','M9C 3J5','416-621-3502','','MRS',1000,'2023-03-15 08:53:42','2023-03-15 08:53:42','','','1960-11-23','','',0,0,'2023-03-15 08:30:56'),('10885a09-445a-4ac5-a3f7-54085b12',1,'user',1,'ComfortePatel@gustr.com','$2y$10$TmUoCXf0uKszv3L9Cc3JhexnuRCxS4np0BP64YdgXhWdyxcRC2niS','',98,'','Best Biz Survis','Comforte','Patel','Markt','10','','MÜHLDORF','a7c40f6320aeb2ec2.72885259','','4645','0680 870 35 22','','MR',1000,'2023-03-15 08:53:42','2023-03-15 08:53:42','','','1993-11-20','','',0,0,'2023-03-15 08:19:22'),('1959c1c0-fbd8-4bea-ac02-038c3de7',1,'user',1,'ViolletteJette@jourrapide.com','$2y$10$eS2oTa//woILCZuIMWSqQO./jk7xXdJjjwnDF2/UicENNszk5mkoK','',84,'','Libera','Viollette','Jetté','Laxenburger Strasse','29','','KIRCHFIDISCH','a7c40f6320aeb2ec2.72885259','','7512','0650 483 74 19','','MRS',1000,'2023-03-15 08:53:42','2023-03-15 08:53:42','','','1968-03-16','','',0,0,'2023-03-15 09:20:05'),('1acf514e-7896-4e69-b7a6-168ff117',1,'user',1,'ScottFletcher@teleworm.us','$2y$10$wEBXlrgYkiuWIJ5GbpxqzuPsmHvUkorB/TpN9yP9Ljio7DP4RYLHu','',6,'','Terra Nova Garden Services','Scott','Fletcher','Thirsk Road','70','','BLAIRYTHAN','a7c40f632a0804ab5.18804076','','AB41 1JJ','077 5629 0871','','MR',1000,'2023-03-15 08:53:42','2023-03-15 08:53:42','','','1963-02-20','','',0,0,'2023-03-15 09:13:49'),('1b33794a-3b8e-40a9-ab8a-0510a079',1,'user',1,'ZoeHodgson@superrito.com','$2y$10$r27KhGjfKCYNRoO/d1lfkuOhcI9743frPNL.KT9Gw/tHfeuoSI8Mm','',66,'','Vari-Tec','Zoe','Hodgson','Knesebeckstraße','84','','Bönen','a7c40f631fc920687.20179984','','59199','02383 38 41 56','','MRS',1000,'2023-03-15 08:53:42','2023-03-15 08:53:42','','','1956-02-21','','',0,0,'2023-03-15 09:21:40'),('1b619dc7-9f83-4e01-882a-d85dd670',1,'user',1,'VictoriaHyde@cuvox.de','$2y$10$8a6NXAJEeif.rouIxiCgEOfvHA8QtjzLVBSc61LNKw9ZtHUYWMGM6','',48,'','Dreamscape Garden Care','Victoria','Hyde','Gerbiweg','97','','Bühl','a7c40f6321c6f6109.43859248','','3274','032 361 89 10','','MRS',1000,'2023-03-15 08:53:42','2023-03-15 08:53:42','','','1974-12-04','','',0,0,'2023-03-15 09:20:10'),('1ba76957-e32e-42ea-9bc9-885afbbf',1,'user',1,'AlinaPisano@armyspy.com','$2y$10$QYZ1jAcv3ig1quaUeRWmg.8oy8ClcD5WiVb/iwk5UKy.mnbHbZKyG','',79,'','Vibrant Man','Alina','Pisano','Cordova Stree','4857','','Vancouver','8f241f11095649d18.02676059','','V6B 1E1','604-505-8965','','MRS',1000,'2023-03-15 08:53:42','2023-03-15 08:53:42','','','1985-04-05','','',0,0,'2023-03-15 07:58:57'),('1c54b2b6-2bb5-4e8d-abac-8eaac91e',1,'user',1,'VirginieBoisvert@armyspy.com','$2y$10$IsUEEKmOZ17/WclMFE7qZ.NXUcfVzS4fM1mJVihPzS1UjBujoICQm','',83,'','Price Club','Virginie','Boisvert','Holdom Avenue','2861','','Surrey','8f241f11095649d18.02676059','','V3T 4Y5','604-953-8039','','MRS',1000,'2023-03-15 08:53:42','2023-03-15 08:53:42','','','1979-11-28','','',0,0,'2023-03-15 09:19:52'),('1ddd48e1-c29e-4409-aa5a-a8f6b8a4',1,'user',1,'GaetanCarriere@fleckens.hu','$2y$10$UQwCbqzDlms8lUXeD1kmWuOLIqctCWKKqehCjPpSB9Q8r4DhGV4mG','',45,'','Superior Interactive','Gaetan','Carrière','Jody Road','4287','','Lansdowne','a7c40f631fc920687.20179984','','19050','610-626-9655','','MR',1000,'2023-03-15 08:53:42','2023-03-15 08:53:42','','','1940-10-05','','',0,0,'2023-03-15 08:26:30'),('1fdcea8a-1486-48ae-b90b-53b16091',1,'user',1,'OfeliaJHansen@einrot.com','$2y$10$j9lgN1HdtyclGsw5V.Cn1uaIlzNDjk.NqU6oq9StBUkzCZ1iK.GCW','',76,'','MVP Sports','Ofelia','Hansen','Pinewood Avenue','1640','','Marquette','8f241f11096877ac0.98748826','','49855','906-597-7370','','MRS',1000,'2023-03-15 08:53:42','2023-03-15 08:53:42','','','1953-04-28','','',0,0,'2023-03-15 09:06:59'),('21139e06-4f9f-4c8b-89fa-ef398231',1,'user',1,'FaustinaMerinoVasquez@cuvox.de','$2y$10$yrYMKwtY6Sp.whlMJhDQzOcNJmFC1Z2AetwJrr44F/it1VCPYXEK2','',78,'','Second Time Around','Faustina','Merino','Huntly Street','96','','BARMBY ON THE MARSH','a7c40f632a0804ab5.18804076','','DN14 9SE','078 7008 3152','','MRS',1000,'2023-03-15 08:53:42','2023-03-15 08:53:42','','','1945-02-13','','',0,0,'2023-03-15 08:25:37'),('266c07c3-747a-445d-a0ea-9870f485',1,'user',1,'BarbaraNCooper@teleworm.us','$2y$10$PYI9DVrTWorVojEj5JhwJ.QUf2D.4oPigL03fSa3vSWitd.ZbfnuS','',87,'','Paul\'s Food Mart','Barbara','Cooper','Neville Street','2453','','Flat Rock','8f241f11096877ac0.98748826','','47234','812-587-1057','','MRS',1000,'2023-03-15 08:53:42','2023-03-15 08:53:42','','','1950-08-13','','',0,0,'2023-03-15 08:06:30'),('29343994-4cbe-4b3d-b78b-bcd24244',1,'user',1,'TheodorNavaVergara@cuvox.de','$2y$10$sbywd8FinQiRdGBSJV0bo.8VRgO7HRhagVkyLaKb.YcDZfoSLHzl.','',63,'','Block Distributors','Theodor','Nava','St James Boulevard','82','','HOUGHAM','a7c40f632a0804ab5.18804076','','NG32 5UL','078 0455 5615','','MR',1000,'2023-03-15 08:53:42','2023-03-15 08:53:42','','','1995-10-29','','',0,0,'2023-03-15 09:15:55'),('2970a38e-7e16-425f-9750-82843ca9',1,'user',1,'EmilePicard@teleworm.us','$2y$10$llKGR6mrn1jYkYPaUDRbvuI.WCzEXDBmEyCfoSg2ZNj4lDshK5DdG','',36,'','Mr. D\'s IGA','Émile','Picard','Schuepisstrasse','43','','Hurden','a7c40f6321c6f6109.43859248','','8640','052 218 91 65','','MR',1000,'2023-03-15 08:53:42','2023-03-15 08:53:42','','','1989-08-14','','',0,0,'2023-03-15 08:24:17'),('2b2cf7c5-8439-4faf-b13b-a32f1f32',1,'user',1,'PrunellaGodin@rhyta.com','$2y$10$IXF.MkdAOdU5vcFHfbP9buuzk3pB/Yh18tcLWPWRGwm6X3ArukOB2','',55,'','Waccamaw Pottery','Prunella','Godin','Dover Road','11','','WESTHUMBLE','a7c40f632a0804ab5.18804076','','RH5 7DR','078 3983 8064','','MRS',1000,'2023-03-15 08:53:42','2023-03-15 08:53:42','','','1979-01-08','','',0,0,'2023-03-15 09:10:27'),('2ccddd83-8c7f-46d6-95ca-7d6608a1',1,'user',1,'SofiaLord@fleckens.hu','$2y$10$9H3eulEsPJDiC4bpfvbF5.7nLtfy1fLPEpDIHn1mLxUGkc8bM0yw2','',86,'','Strong Life','Sofia','Lord','Gubener Str.','23','','Samerberg','a7c40f631fc920687.20179984','','83122','08032 22 64 32','','MRS',1000,'2023-03-15 08:53:42','2023-03-15 08:53:42','','','1945-02-20','','',0,0,'2023-03-15 09:14:13'),('3d124e27-f1a1-4c62-9a71-6ca94f37',1,'user',1,'BlancheAuger@einrot.com','$2y$10$yOEMsUOisPDmpMcKefHV.OR4gKV/s32fZV/X3BkOerkCbuWm1Mse.','',35,'','Golf Augusta Pro Shops','Blanche','Auger','Ste. Catherine Ouest','4097','','Montreal','8f241f11095649d18.02676059','','H3A 4G4','514-448-3448','','MRS',1000,'2023-03-15 08:53:42','2023-03-15 08:53:42','','','1991-06-14','','',0,0,'2023-03-15 08:16:16'),('46373192-723c-4bf7-a0f6-e90e3058',1,'user',1,'OnfroiBoulanger@gustr.com','$2y$10$irBL/3D.fJjd3u6ifo499uTCJ3LekHR.qmLrK0cFeN3Z0/.Tr8ba6','',89,'','Dubrow\'s Cafeteria','Onfroi','Boulanger','Dominion St','4654','','Moose Creek','8f241f11095649d18.02676059','','K0C 1W0','613-538-5095','','MR',1000,'2023-03-15 08:53:42','2023-03-15 08:53:42','','','1937-07-06','','',0,0,'2023-03-15 09:07:24'),('473d2bdc-b0ff-4d97-945e-3c9f82a4',1,'user',1,'ArianneChabot@dayrep.com','$2y$10$h6LtWxs8dr.co3dgyVnCFOKsGrn81j7ABg5/ZtUbwV0EkcxSASGse','',5,'','Pace Membership Warehouse','Arianne','Chabot','South Western Terrace','15','','MILTON LOCKHART','a7c40f632a0804ab5.18804076','','ML8 7NY','070 7305 8619','','MRS',1000,'2023-03-15 08:53:42','2023-03-15 08:53:42','','','1977-08-13','','',0,0,'2023-03-15 08:05:33'),('48662f15-bbbd-48f2-b299-1bfd9fd3',1,'user',1,'AnkeEiffel@fleckens.hu','$2y$10$7VwAipDIw9Zanxguri6xG.Fpwdj1rGkbvxzL1R5dHBc2BBokZPD2a','',31,'','The Flying Bear','Anke','Eiffel','Rosenstrasse','30','','München','a7c40f631fc920687.20179984','','81337','089 42 77 11','','MRS',1000,'2023-03-15 08:53:42','2023-03-15 08:53:42','','','1938-09-02','','',0,0,'2023-03-15 08:01:54'),('4911c70f-01e8-4240-865d-b60aa5d5',1,'user',1,'KatieDMcDonald@einrot.com','$2y$10$.HCU6aHyCt7uVXxNsNkSzOPADjxh1/PqGmj9pXNyP3OKSJ2mQBgZe','',94,'','The Lawn Guru','Katie','McDonald','Old Edinburgh Road','14','','BELPER LANE END','a7c40f632a0804ab5.18804076','','DE56 3UT','078 7543 9815','','MRS',1000,'2023-03-15 08:53:42','2023-03-15 08:53:42','','','1938-08-18','','',0,0,'2023-03-15 08:59:09'),('4a480e49-8018-400a-8260-eabfb288',1,'user',1,'FulcoCandelariaCortes@superrito.com','$2y$10$3pPiqyR1ocC.aSaGHxWLJOpELBTghL3qoqI2kCKbJoOsSayq1XJtK','',54,'','HomeBase','Fulco','Candelaria','Unter den Linden','30','','Neubrandenburg','a7c40f631fc920687.20179984','','17002','0395 85 70 30','','MR',1000,'2023-03-15 08:53:42','2023-03-15 08:53:42','','','1974-09-28','','',0,0,'2023-03-15 08:25:59'),('4a6cc7d5-d873-47e3-9c89-023378b6',1,'user',1,'DemyKerremans@teleworm.us','$2y$10$9UPKnCPt3nuMrbKGqmHMbu33AYZnwcVTW7NqXzlmyDM5twvXIpWDe','',91,'','Keeney\'s','Demy','Kerremans','Oak Lane','1072','','Leavenworth','8f241f11096877ac0.98748826','','66048','660-734-0512','','MR',1000,'2023-03-15 08:53:42','2023-03-15 08:53:42','','','1941-01-28','','',0,0,'2023-03-15 08:21:00'),('4b4cda29-7346-4795-b593-87fe2058',1,'user',1,'RaihanaDuister@fleckens.hu','$2y$10$5MM.i.IzGZBdxnvbAyr7yejOd50EGkduYHFjqdZBLoPPDgkEHaU3S','',64,'','Compact Disc Center','Raihana','Duister','Friar Street','85','','CLESTRAIN','a7c40f632a0804ab5.18804076','','KW17 2DQ','077 8086 2631','','MRS',1000,'2023-03-15 08:53:42','2023-03-15 08:53:42','','','1994-01-06','','',0,0,'2023-03-15 09:11:41'),('4c7891e7-4e17-44b3-9290-77700567',1,'user',1,'ProsperoFerrari@jourrapide.com','$2y$10$uhLEaafZxIBeOlpVVmeq3OlBAaBjpf6hJwkWntDfYLh9DN64W6TsK','',38,'','Mr. Steak','Prospero','Ferrari','Bräuhof','99','','ARZBERG','a7c40f6320aeb2ec2.72885259','','8162','0699 770 09 41','','MR',1000,'2023-03-15 08:53:42','2023-03-15 08:53:42','','','1985-12-25','','',0,0,'2023-03-15 09:09:58'),('4de3caa1-4cb0-4e55-867f-896d7409',1,'user',1,'VelmaDBarna@cuvox.de','$2y$10$XkJWhneqnGETSC7PHKxiKeR0xAPEXAbr2abke8aBh9LcBj7XHmI06','',12,'','Realty Depot','Velma','Barna','Rägetenstrasse','110','','Hochwald','a7c40f6321c6f6109.43859248','','4146','061 470 91 33','','MRS',1000,'2023-03-15 08:53:42','2023-03-15 08:53:42','','','1966-03-17','','',0,0,'2023-03-15 09:17:59'),('504413d1-3464-401e-8cea-ac474bac',1,'user',1,'AliceHart@cuvox.de','$2y$10$guQgC5/PxmfTfBXciAIPk.DncwZOzxk7fKz.Xwwmh/nPzpWNu7R8S','',59,'','Ransohoffs','Alice','Hart','Landstrasse','1','','ERLACH','a7c40f6320aeb2ec2.72885259','','2833','0680 925 21 90','','MRS',1000,'2023-03-15 08:53:42','2023-03-15 08:53:42','','','1945-07-15','','',0,0,'2023-03-15 07:58:17'),('50e55e43-f581-4f73-8680-c649255c',1,'user',1,'AureliaLori@superrito.com','$2y$10$a34XjIVtZxsSs7KAr7atFOn9GEp/6kpaNokiXRmiN/0ZaouTFs7DC','',46,'','Rainbow Bay Crafts','Aurelia','Lori','Amsinckstrasse 38','','','Neuhausen','a7c40f631fc920687.20179984','','09542','035605 27 30','','MRS',1000,'2023-03-15 08:53:42','2023-03-15 08:53:42','','','1977-08-01','','',0,0,'2023-03-15 08:05:59'),('50fb507b-2244-4664-98d3-ebb64643',1,'user',1,'LucienneBiesheuvel@superrito.com','$2y$10$IV9QRtvXXshn/9o.x3WUy.MmIBhAdLOUL9ViS6c91OBmA2nOXjgm2','',19,'','Landskip Yard Service','Luciënne','Biesheuvel','Landsberger Allee','32','','München','a7c40f631fc920687.20179984','','80098','089 12 61 94','','MRS',1000,'2023-03-15 08:53:42','2023-03-15 08:53:42','','','1975-04-16','','',0,0,'2023-03-15 09:00:27'),('562b0547-bf0b-42e2-a0f2-5065a294',1,'user',1,'AlvaMBoutte@gustr.com','$2y$10$nqyF/MZoaqvF7T5L1KOwDOLrAkIeihJFfMDGRgHXy6kLqLgxnV.xq','',73,'','Walt\'s IGA','Alva','Boutte','Leslie Street','1683','','Newmarket','8f241f11095649d18.02676059','','L3Y 2A3','905-868-8496','','MRS',1000,'2023-03-15 08:53:42','2023-03-15 08:53:42','','','1957-11-30','','',0,0,'2023-03-15 07:59:47'),('56c10b6d-1b34-4f0e-9690-43ec7125',1,'user',1,'ChristopherKent@teleworm.us','$2y$10$mGgb5DFbjCgbaaMQJXHS8u3Cz6ymftIlvSOCh/CS2OVkCo3gbOZJm','',103,'','Finast','Christopher','Kent','West Lane','45','','DALMELLINGTON','a7c40f632a0804ab5.18804076','','KA6 4US','070 6524 7757','','MR',1000,'2023-03-15 08:53:42','2023-03-15 08:53:42','','','1954-08-28','','',0,0,'2023-03-15 08:19:35'),('5745e5fc-ea77-4f9e-b38b-8824cd56',1,'user',1,'AnkeWaechter@cuvox.de','$2y$10$BPY5NpBrBBrDrFmc0DQhvezw6ei2rMHDO6C5g8btfxP47H6iS.Jq.','',65,'','Endicott Shoes','Anke','Waechter','Parkring','61','','STEMERITSCH','a7c40f6320aeb2ec2.72885259','','9161','0660 700 39 13','','MRS',1000,'2023-03-15 08:53:42','2023-03-15 08:53:42','','','1961-02-02','','',0,0,'2023-03-15 08:02:25'),('5836bf3a-f923-4855-9fab-5884ebdf',1,'user',1,'CharlesDAndrew@jourrapide.com','$2y$10$j6TajHxFoA0bP1z/cOvmWuCd1ZYXF813odjmvgYSCFGVAGSn0JmvG','',80,'','Kiddie City','Charles','Andrew','Sandyhill Rd','12','','FULLER\'S MOOR','a7c40f632a0804ab5.18804076','','CH3 9EB','070 0026 4095','','MR',1000,'2023-03-15 08:53:42','2023-03-15 08:53:42','','','1947-08-11','','',0,0,'2023-03-15 08:17:52'),('5fe92b93-d221-4413-b113-06702c0d',1,'user',1,'JessicaFarrell@armyspy.com','$2y$10$Q7qNLOfvV5NPPaV71ZjLXeDL3S9dCz4ojiVKxPegDNbQM0GVgbYgO','',61,'','Ukrop\'s Super Market','Jessica','Farrell','Reeperbahn','56','','Klingenthal','a7c40f631fc920687.20179984','','08248','037465 30 77','','MRS',1000,'2023-03-15 08:53:42','2023-03-15 08:53:42','','','1979-10-09','','',0,0,'2023-03-15 08:57:55'),('617afb7e-7690-4f4d-bf3a-68a4627d',1,'user',1,'AntoniaHPerez@gustr.com','$2y$10$jNbhPRWADcy9HdVDk298QuzTQHNbjc0jRYQEhsaRiv3L4.llpLMoG','',16,'','Sunny Real Estate Investments','Antonia','Perez','Gesäusestrasse','81','','HAMETH','a7c40f6320aeb2ec2.72885259','','3281','0676 346 96 14','','MRS',1000,'2023-03-15 08:53:42','2023-03-15 08:53:42','','','1963-01-08','','',0,0,'2023-03-15 08:03:49'),('6e2b1281-0094-4342-889e-54df7e8d',1,'user',1,'RoxanneLaCaille@teleworm.us','$2y$10$C8qTqKRDmtye2/bfkskY8usdnBqJOQGMYJmx3DJmKPzbfqyam6C5m','',62,'','CSK Auto','Roxanne','LaCaille','Krummnussbaum Dub','44','','WALCHERBAUER','a7c40f6320aeb2ec2.72885259','','3343','0660 115 87 11','','MRS',1000,'2023-03-15 08:53:42','2023-03-15 08:53:42','','','1996-08-12','','',0,0,'2023-03-15 09:12:25'),('775ef5f4-39a2-4531-86be-ec0aad62',1,'user',1,'KimberlyDPaulk@dayrep.com','$2y$10$bplZbqDg4O/JMjgJl6aKE.FVUX25AxKFvyYcMCQDjnJuZrpJgbOc.','',24,'','Brooks Fashions','Kimberly','Paulk','Scheidweg','100','','Gunzgen','a7c40f6321c6f6109.43859248','','4617','062 311 82 46','','MRS',1000,'2023-03-15 08:53:42','2023-03-15 08:53:42','','','1956-11-10','','',0,0,'2023-03-15 09:00:06'),('77c09bf1-dad3-4a07-ac6c-6669243a',1,'user',1,'InesHoltzmann@superrito.com','$2y$10$4V/nTTXrTa3jcPNGZrXjZ.MZP0.zzaMfXUEwWohcnGGyT4Us85yUe','',43,'','Foot Quarters','Ines','Holtzmann','Gartenhof','42','','Arvigo','a7c40f6321c6f6109.43859248','','6543','091 676 91 70','','MRS',1000,'2023-03-15 08:53:42','2023-03-15 08:53:42','','','1952-12-02','','',0,0,'2023-03-15 08:32:14'),('7e8dab27-9788-4d0e-8fe1-c2075cda',1,'user',1,'AprilJGriffin@armyspy.com','$2y$10$4JMoaVez3DByJZUw5yEKn.jM4bMVuHnEfeJRIv9l1Ptw6zGPJTPrK','',10,'','Helping Hand','April','Griffin','Valéestrasse','69','','Ortschwaben','a7c40f6321c6f6109.43859248','','3042','031 298 43 35','','MRS',1000,'2023-03-15 08:53:42','2023-03-15 08:53:42','','','1954-10-28','','',0,0,'2023-03-15 08:04:39'),('7ff50272-b9ce-4638-9873-f94d0835',1,'user',1,'BradleyCEvans@jourrapide.com','$2y$10$t47o6W.rhTVBO8KSpHnvjuqSnrvarVxTE7rz.xuk8Vhf9ozkW3EoW','',15,'','Buck Alley Lumber','Bradley','Evans','1731 Ruckman Road','1731','','Oklahoma City','8f241f11096877ac0.98748826','','73110','405-737-5533','','MR',1000,'2023-03-15 08:53:42','2023-03-15 08:53:42','','','1944-03-25','','',0,0,'2023-03-29 13:28:50'),('81c8fb62-5f13-4b6d-a812-5cdc2643',1,'user',1,'ChristienSpanjer@einrot.com','$2y$10$.ViosKHrIkGypSE5/aNnluOlMsLP/.kzW6OekDrmzdl/0jYfRgRce','',71,'','Standard Food','Christien','Spanjer','Flughafenstrasse 24','','','Mitterteich','a7c40f631fc920687.20179984','','95661','09633 18 87 04','','MRS',1000,'2023-03-15 08:53:42','2023-03-15 08:53:42','','','1976-12-05','','',0,0,'2023-03-15 08:18:12'),('824023bd-a95f-40d3-9a7f-db511b73',1,'user',1,'JasonDWagner@rhyta.com','$2y$10$oST0UW1hTvAAYTONsV9SEeYr46nvaMq61Uwxq.A1wtYPjY5aiZy5a','',77,'','Courtesy Hardware Store','Jason','Wagner','Old Edinburgh Road','85','','BEDOL','a7c40f632a0804ab5.18804076','','CH6 8AT','079 6781 2712','','MR',1000,'2023-03-15 08:53:42','2023-03-15 08:53:42','','','1979-09-28','','',0,0,'2023-03-15 08:56:18'),('84dd0617-2f4c-44e2-8300-e720ff05',1,'user',1,'OrielLunaMuro@einrot.com','$2y$10$ksauLk22bES2h2iet0F7gOMwv/og6vIh.XLoKP3btQBNP7roDVSmS','',67,'','S&W Cafeteria','Oriel','Luna','Waterview Lane','1874','','Santa Fe','8f241f11096877ac0.98748826','','87501','505-469-7142','','MR',1000,'2023-03-15 08:53:42','2023-03-15 08:53:42','','','1991-06-16','','',0,0,'2023-03-15 09:08:22'),('88b93323-2543-45f6-b1f1-4e971484',1,'user',1,'KevinSchwab@gustr.com','$2y$10$WO3YQhfaS/qPhbcY58IWWun.GvSW10YOCEy6.1FxX3TPXZ3Hs28TW','',11,'','Video Concepts','Kevin','Schwab','Zistelweg','64','','UNTERHÖRNBACH','a7c40f6320aeb2ec2.72885259','','4352','0660 965 63 56','','MR',1000,'2023-03-15 08:53:42','2023-03-15 08:53:42','','','1995-10-10','','',0,0,'2023-03-15 08:59:34'),('8926d913-6357-42db-b451-3eb49c8f',1,'user',1,'JohnLHaman@jourrapide.com','$2y$10$rx4PxYosr1kEdbt/F2pXNeiuIeEbEX8.X003nUCBD2NNuC.tDpkoW','',23,'','Merrymaking','John','Haman','Reeperbahn','36','','Sanitz','a7c40f631fc920687.20179984','','18186','038209 84 97','','MR',1000,'2023-03-15 08:53:42','2023-03-15 08:53:42','','','1961-07-13','','',0,0,'2023-03-15 08:58:14'),('89759d31-851e-411f-991b-d663f019',1,'user',1,'JaydeeVolkerink@superrito.com','$2y$10$39/tYxsJoQRT8EHjVvvL5.kchHLKYH5QJwNFBwdtr5Fu8DWmxyxlu','',4,'','LoRay','Jaydee','Volkerink','Marcham Road','29','','BORGH','a7c40f632a0804ab5.18804076','','HS9 7WQ','078 0871 4239','','MRS',1000,'2023-03-15 08:53:42','2023-03-15 08:53:42','','','1982-11-18','','',0,0,'2023-03-15 08:56:39'),('8a86bd70-2675-4bf3-b90a-0d94b1a2',1,'user',1,'MartinDevost@rhyta.com','$2y$10$lhmHsFALxQgoNDXhFSVfQ.9S2vB9USHme2XySE8yNgYREnQFsgxnu','',88,'','The Spotted Cougar','Martin','Devost','Pfaffacherweg','18','','Schluein','a7c40f6321c6f6109.43859248','','7151','081 279 25 59','','MR',1000,'2023-03-15 08:53:42','2023-03-15 08:53:42','','','1965-11-05','','',0,0,'2023-03-15 09:02:03'),('8f36ea98-4c38-4d45-94a0-7efc9ecf',1,'user',1,'HaidarSchelvis@teleworm.us','$2y$10$2BXtp6ZKs451eDApclIIBuzfbiTCPWCtIxA2FN6W7z2npLeo7Owru','',93,'','Square Circle','Haidar','Schelvis','Cerullo Road','448','','Louisville','8f241f11096877ac0.98748826','','40202','502-467-0890','','MR',1000,'2023-03-15 08:53:42','2023-03-15 08:53:42','','','1944-10-03','','',0,0,'2023-03-15 08:28:27'),('9535173e-a78a-4024-8f03-bdd243e2',1,'user',1,'ElioraAlcalaChapa@armyspy.com','$2y$10$3IvijPhsFdvnDv5CLN9njeQzFZkv.CQTn7p5kHNQYs5FGmsIY4Lci','',56,'','Service Merchandise','Eliora','Alcalá','St. John Street','2771','','Birch Hills','8f241f11095649d18.02676059','','S4P 3Y2','306-749-7397','','MRS',1000,'2023-03-15 08:53:42','2023-03-15 08:53:42','','','1972-04-22','','',0,0,'2023-03-15 08:23:02'),('980a7d1e-0788-41ac-aca1-f8e7b894',1,'user',1,'NinetteLoiseau@teleworm.us','$2y$10$VDK/Rq2ti8BDEmvVNHHGe.7JCwqTATqQ8GkCGc9SCRkt/ZvU.G0Na','',74,'','Chi-Chi\'s','Ninette','Loiseau','Erlenweg','115','','Bern','a7c40f6321c6f6109.43859248','','3030','031 539 26 40','','MRS',1000,'2023-03-15 08:53:42','2023-03-15 08:53:42','','','2001-09-13','','',0,0,'2023-03-15 09:05:49'),('98141cfa-ce4a-45a9-982f-16abadf7',1,'user',1,'RobertKMora@armyspy.com','$2y$10$A3C9ij9OTrUFVaT4Xo6ptuCca.J2w9ahy2VfYUOqtsNL.63f.etmy','',26,'','Lafayette Radio','Robert','Mora','Am Kuhberg','3','','REITH BEI KITZBÜHEL','a7c40f6320aeb2ec2.72885259','','6352','0664 704 41 08','','MR',1000,'2023-03-15 08:53:42','2023-03-15 08:53:42','','','1943-09-07','','',0,0,'2023-03-15 09:12:05'),('9aec00e2-f028-4da7-981c-df2f826f',1,'user',1,'JessicaBieber@gustr.com','$2y$10$S4aMbzZr3EyYjsFi8o.xV.vayS9ZN2vUfBBtKxd6YajpJ94SNmOdO','',40,'','Terra','Jessica','Bieber','Star Route','2663','','Hickory Hills','8f241f11096877ac0.98748826','','60457','708-638-7658','','MRS',1000,'2023-03-15 08:53:42','2023-03-15 08:53:42','','','1976-06-28','','',0,0,'2023-03-15 08:57:23'),('9f2156dc-923b-4232-aef2-af9aef1c',1,'user',1,'MarinoGevers@jourrapide.com','$2y$10$grWUWs0yhfTt4oXcl/a.GeVVK4om9oDnrVwFtTQzt23/CtCJTqT/a','',85,'','Quality Event Planner','Marino','Gevers','Union Terrace','63','','LOANS','a7c40f631fc920687.20179984','','KA10 1PD','077 1688 3108','','MR',1000,'2023-03-15 08:53:42','2023-03-15 08:53:42','','','1944-11-01','','',0,0,'2023-03-15 09:01:33'),('a52a97dd-14fd-488b-90a7-d08a3bc3',1,'user',1,'ScottAli@rhyta.com','$2y$10$63.86cD3sGpXKNK7uRf4QuLRJVS7HMTeg2U2Dxo9P4AEBXScPgd/W','',82,'','Sounds of Soul Records & Tapes','Scott','Ali','Ryder Avenue','285','','Seattle','8f241f11096877ac0.98748826','','98106','425-301-8872','','MR',1000,'2023-03-15 08:53:42','2023-03-15 08:53:42','','','1976-01-23','','',0,0,'2023-03-15 09:13:22'),('a6288167-e123-4dc8-8589-1432993d',1,'user',1,'VickiRPeters@jourrapide.com','$2y$10$6JHOXo0QAB.wQti.fkmWbu0E1Xla1r.6cDEBrU/B/pHS9Br7wB.ii','',75,'','Sun Foods','Vicki','Peters','Bräuhof','71','','ASCHAU','a7c40f6320aeb2ec2.72885259','','5143','0680 777 92 98','','MRS',1000,'2023-03-15 08:53:42','2023-03-15 08:53:42','','','1967-05-28','','',0,0,'2023-03-15 09:20:18'),('a988b3cd-0114-4f92-a109-bc3bdeaf',1,'user',1,'IvaChesnay@cuvox.de','$2y$10$eoTM1y8UwdfQmVsZ9WEUaOvIYYVwGKyaRnYIXtxD55ziyBQNww0VC','',47,'','Future Plan','Iva','Chesnay','Lietzensee-Ufer','39','','Großenhain','a7c40f631fc920687.20179984','','01558','03522 46 69 35','','MRS',1000,'2023-03-15 08:53:42','2023-03-15 08:53:42','','','1994-08-31','','',0,0,'2023-03-15 08:54:58'),('a98d7028-58f3-40b5-874c-abd701fc',1,'user',1,'AbdelmounaimvanKippersluis@teleworm.us','$2y$10$W.HwqjTYBRbaYeZcUGjo0e.Tq8lbu/AbolTDDxW9foTUscnyVHzHO','',101,'','Bell Markets','Abdelmounaim','van Kippersluis','Zistelweg','92','','UNTERKOLBNITZ','a7c40f6320aeb2ec2.72885259','','9815','0680 205 89 79','','MR',1000,'2023-03-15 08:53:42','2023-03-15 08:53:42','','','1944-05-11','','',0,0,'2023-03-15 07:56:10'),('aad4e975-8d2b-4892-a473-247f7eb4',1,'user',1,'NoahHeggen@rhyta.com','$2y$10$JQmGFbCxBH.6gUMKWepa9.U4MFSmD6ZHgnmIRf/kBdI4Equ.Wqb8C','',32,'','Tradewell','Noah','Heggen','Casa Posrclas','101','','Egerkingen','a7c40f6321c6f6109.43859248','','4622','062 932 88 83','','MR',1000,'2023-03-15 08:53:42','2023-03-15 08:53:42','','','1939-04-27','','',0,0,'2023-03-15 09:06:12'),('ae0ba89d-a5e9-40db-945d-c89c1dc4',1,'user',1,'BenjaminHamilton@fleckens.hu','$2y$10$dZAJrcDfhU4F8EcIKTSfJ.F0AkE7UeV/ZGVKuYw5gbJz09gfHXqPu','',72,'','Golf Augusta Pro Shops','Benjamin','Hamilton','Pottenbrunner Hauptstrasse','82','','LOBENSTEIN','a7c40f6320aeb2ec2.72885259','','4180','0676 746 45 35','','MR',1000,'2023-03-15 08:53:42','2023-03-15 08:53:42','','','1982-05-06','','',0,0,'2023-03-15 08:15:48'),('afa0a0d8-4450-49a2-a7bc-f1d57dc1',1,'user',1,'QuadratoMilano@fleckens.hu','$2y$10$6uE0906N0vB4liwz6qQpd.r4eiXwdkthwCcMZfABB7.wko7B8r7bu','',69,'','Magik Gray','Quadrato','Milano','Pearcy Avenue','963','','Milwaukee','8f241f11096877ac0.98748826','','53202','262-206-7142','','MR',1000,'2023-03-15 08:53:42','2023-03-15 08:53:42','','','1988-08-27','','',0,0,'2023-03-15 09:11:00'),('afe8ff7f-30a9-43ef-81bb-fa6f2eb4',1,'user',1,'AnselMargand@armyspy.com','$2y$10$MHC8IclRPwuhgFHA7YgM8.oiHKlj.ep3Dvj6hxL70Q7c/3gRlwaES','',22,'','Sunny Real Estate Investments','Ansel','Margand','Hardenbergstraße','56','','Offenbach-Hundheim','a7c40f631fc920687.20179984','','67749','06382 92 24 85','','MR',1000,'2023-03-15 08:53:42','2023-03-15 08:53:42','','','1938-12-13','','',0,0,'2023-03-15 08:03:13'),('b05ef57a-e7c5-4352-b4a2-4734649f',1,'user',1,'EliseProulx@superrito.com','$2y$10$nUiujwjTcTlf4cvqVNoyv.F3ynR.VtbSIh9WDy/tkqDrhlpRC3ZX2','',99,'','Star Bright Investment Group','Élise','Proulx','Abingdon Road','1','','BRASSINGTON','a7c40f632a0804ab5.18804076','','DE4 4ZA','079 5296 6534','','MRS',1000,'2023-03-15 08:53:42','2023-03-15 08:53:42','','','1968-04-13','','',0,0,'2023-03-15 08:23:39'),('b0c6ba22-25a3-47a2-96ff-2255c7a6',1,'user',1,'DimitraFase@dayrep.com','$2y$10$dJ5W3f6WqP8I71wCQNWdReAKw5p/QbkqxoIrSTrwiKI5HPqOh9X2C','',21,'','Borders Books','Dimitra','Fase','Esplanade 53','','','Lappersdorf','a7c40f631fc920687.20179984','','93134','09404 14 65 40','','MRS',1000,'2023-03-15 08:53:42','2023-03-15 08:53:42','','','1990-09-06','','',0,0,'2023-03-15 08:21:43'),('b513ee69-52a5-400d-ab45-1dc54377',1,'user',1,'AlyceRVincent@dayrep.com','$2y$10$vRBJ2s2OV6nio.g0qm8HLupFUGt.bhzRMnowBP8YcjnGF8FjK8aBC','',58,'','National Record Mart','Alyce','Vincent','Wallstrasse','7','','Ehlscheid','a7c40f631fc920687.20179984','','56581','02634 17 80 34','','MRS',1000,'2023-03-15 08:53:42','2023-03-15 08:53:42','','','1949-02-01','','',0,0,'2023-03-15 08:00:36'),('b5f5e39f-35cf-4d76-ae7b-a68b4d24',1,'user',1,'AnetteOverbo@superrito.com','$2y$10$T1oZfOBxpawTj3InKx5zOuFAxniHuzHi8X7cp9pd24SPRHt63k/vm','',14,'','County Market','Anette','Øverbø','Old Spallumcheen Rd','652','','Hope','8f241f11095649d18.02676059','','V0X 1L0','604-860-9466','','MRS',1000,'2023-03-15 08:53:42','2023-03-15 08:53:42','','','1958-03-09','','',0,0,'2023-03-15 08:01:22'),('be799f9a-f157-400c-b6f8-96b42d26',1,'user',1,'BonanovaAcevedoOrta@jourrapide.com','$2y$10$09jVPr6rP3G0MYhEIsCrnuPKD2UfdzkbVweEaM3ytQD/r8U6OoAL6','',81,'','Gold Medal','Bonanova','Acevedo','Abbey Row','76','','NORWICH','a7c40f632a0804ab5.18804076','','NR2 2HH','079 7288 7781','','MRS',1000,'2023-03-15 08:53:42','2023-03-15 08:53:42','','','1940-07-07','','',0,0,'2023-03-15 08:16:56'),('bf790f71-7dc1-4eef-82ab-86b97564',1,'user',1,'PhilippWexler@dayrep.com','$2y$10$pOE7SmBNHlLrazbBNjOlVuQbMxc1nY54GsPOAFivLgxXcbHy8Ldni','',51,'','Irving\'s Sporting Goods','Philipp','Wexler','Parkring','50','','STIEREDT','a7c40f6320aeb2ec2.72885259','','4752','0699 178 39 74','','MR',1000,'2023-03-15 08:53:42','2023-03-15 08:53:42','','','1982-05-01','','',0,0,'2023-03-15 09:09:34'),('c14f306c-db9a-483e-a590-f34722a4',1,'user',1,'EmilieSandal@armyspy.com','$2y$10$8a2gPktAYU09CmfNcaGXJ.DRgRHkXcZHjAdLEwkoJpxyo5d/MGj5u','',8,'','Luskin\'s','Emilie','Sandal','rue Boulay','4182','','Acton Vale','8f241f11095649d18.02676059','','J0H 1A0','450-546-4651','','MRS',1000,'2023-03-15 08:53:42','2023-03-15 08:53:42','','','1971-11-14','','',0,0,'2023-03-15 08:25:02'),('c6dc5d11-afb0-45ca-8061-565d6614',1,'user',1,'VernonBlanc@teleworm.us','$2y$10$ucyArGc6KcHF3YCrl95KVudCBjrtVvwLs2ZwgwB5Y1.AQ0nnlkIpe','',49,'','Warner Brothers Studio Store','Vernon','Blanc','Spittelwiese','49','','VENT','a7c40f6320aeb2ec2.72885259','','6458','0664 143 09 03','','MR',1000,'2023-03-15 08:53:42','2023-03-15 08:53:42','','','1959-05-29','','',0,0,'2023-03-15 09:18:20'),('c7051fc5-5e51-4fb4-ad12-81aebe01',1,'user',1,'NiklasHoffmann@einrot.com','$2y$10$.HmL7ea5ztCCWx1P/kjWM.Yk8oOigLyXTR3YAklgibxRIWUKEi52.','',37,'','Luskin\'s','Niklas','Hoffmann','Gotzkowskystraße','81','','Lippstadt','a7c40f631fc920687.20179984','','59555','02941 26 18 38','','MR',1000,'2023-03-15 08:53:42','2023-03-15 08:53:42','','','1939-08-25','','',0,0,'2023-03-15 09:05:19'),('cbca8e27-f5a5-4f23-80ab-b1f499ee',1,'user',1,'InekeGerritzen@dayrep.com','$2y$10$V.knUmbZ8EylGam9Lqi7HOy.4I8QbxpfywdqzS5SrVGrEr7NC/vwe','',28,'','Nickerson Farms','Ineke','Gerritzen','Hubatschstrasse','46','','SCHADNERAMT','a7c40f6320aeb2ec2.72885259','','3264','0699 601 31 87','','MRS',1000,'2023-03-15 08:53:42','2023-03-15 08:53:42','','','1987-04-15','','',0,0,'2023-03-15 08:31:33'),('d0751a87-5afd-4384-8c54-e59d00e5',1,'user',1,'MichelleLThomas@dayrep.com','$2y$10$iKUM4XARZhQWVakYuihGEulxyLPfdpEpCT85EsmxU4vRpNZYP62PC','',20,'','Standard Sales','Michelle','Thomas','Hubatschstrasse','94','','SCHADENDORF','a7c40f6320aeb2ec2.72885259','','8501','0676 614 79 28','','MRS',1000,'2023-03-15 08:53:42','2023-03-15 08:53:42','','','1984-03-07','','',0,0,'2023-03-15 09:04:56'),('d0e3dcc2-5972-4a53-9d06-dc0e6591',1,'user',1,'MarilenaLori@einrot.com','$2y$10$/usMmSoz.f2KoBzBWTAihOpvWLq4SZG/s31jfBl0YiV2pjLOoV0pi','',29,'','Suncoast Video','Marilena','Lori','Ufnau Strasse','46','','Heimertingen','a7c40f631fc920687.20179984','','87751','08335 22 33 97','','MRS',1000,'2023-03-15 08:53:42','2023-03-15 08:53:42','','','1994-09-25','','',0,0,'2023-03-15 09:01:12'),('d8b088a0-2779-4a81-977b-845f5298',1,'user',1,'TamaraDLedesma@teleworm.us','$2y$10$XE9QUBaDOh3kxhl8ql3kiu1HE0jbCcXs/CGi.CrBw26nfhwHZs8hq','',52,'','Erb Lumber','Tamara','Ledesma','Roosevelt Road','4932','','Dodge City','8f241f11096877ac0.98748826','','67801','620-227-7029','','MRS',1000,'2023-03-15 08:53:42','2023-03-15 08:53:42','','','1952-10-09','','',0,0,'2023-03-15 09:15:07'),('d8d92b68-4a97-4c7b-b837-a9786923',1,'user',1,'LukasNeustadt@rhyta.com','$2y$10$6iCvPETQJH5PdinSPjhgyuFe3Uazm76D5ZzqH/oozLDHAK..hPiLe','',2,'','Team Electronics','Lukas','Neustadt','Via Stazione','42','','Stechelberg','a7c40f6321c6f6109.43859248','','3824','033 799 14 65','','MR',1000,'2023-03-15 08:53:42','2023-03-15 08:53:42','','','1977-03-24','','',0,0,'2023-03-15 09:00:52'),('d8e93e70-7ffc-488e-baa8-74e2a535',1,'user',1,'MelissaHerbert@rhyta.com','$2y$10$qabK17HScOYZF/nooJ7fVOW.tMFI/biepZyefo9iQK.f.4pVTfVIC','',42,'','Jacob Reed and Sons','Melissa','Herbert','Postfach','11','','Aldesago','a7c40f6321c6f6109.43859248','','6974','091 357 51 86','','MRS',1000,'2023-03-15 08:53:42','2023-03-15 08:53:42','','','1970-10-29','','',0,0,'2023-03-15 09:02:29'),('db1690fd-33ad-41c5-85c6-d3c9abff',1,'user',1,'TorsteinEriksen@teleworm.us','$2y$10$xywTNtik64beu.XoE9hr3.2id2oJcSyZ5LDKZrQ5ji1pKCAWegwd2','',27,'','Crazy Tiger','Torstein','Eriksen','Strickstrasse','85','','Zug','a7c40f6321c6f6109.43859248','','6305','041 420 65 72','','MR',1000,'2023-03-15 08:53:42','2023-03-15 08:53:42','','','1972-12-23','','',0,0,'2023-03-15 09:17:09'),('dcae6257-6aee-4afb-a38f-613ab649',1,'user',1,'OrazioMancini@cuvox.de','$2y$10$AqDyXomWykC/YPGgnl1RqOnX3ZOX03saDvQ3/hSERE3mnsOmPvS3S','',96,'','Cavages','Orazio','Mancini','Post Avenue','1299','','Duluth','8f241f11096877ac0.98748826','','55811','218-969-8317','','MR',1000,'2023-03-15 08:53:42','2023-03-15 08:53:42','','','1986-01-10','','',0,0,'2023-03-15 09:07:55'),('dd23116f9909ac4cd0e061fde503d5c6',1,'user',1,'Tonetto@gustr.com','$2y$10$fu0YdZAxL4P2bn0gbTKQJ.yiWn7mRYg912/jNjUz6joprhdDLsOFW','',101,'','','Toni','Tonetto','xxx','123','','ZZZ','a7c40f631fc920687.20179984','','12345','','','MR',1000,'2023-03-17 09:05:45','2023-03-17 09:05:45','','','0000-00-00','','',0,0,'2023-03-17 08:05:45'),('df3caf98-290d-45a8-83e0-f3d16713',1,'user',1,'StephanGloeckner@gustr.com','$2y$10$NXdNn3Il8KoU/wZ/qaH88.1TjK8qLP1lHWKYL853t5cAlX/pbvPNG','',68,'','Parade of Shoes','Stephan','Gloeckner','Eglinton Avenue','3047','','Toronto','8f241f11095649d18.02676059','','M4P 1A6','647-404-0516','','MR',1000,'2023-03-15 08:53:42','2023-03-15 08:53:42','','','1960-08-25','','',0,0,'2023-03-15 09:14:45'),('e09bad02-538f-41d9-89b0-ed0f4d7a',1,'user',1,'TorstenMueller@teleworm.us','$2y$10$CodOyFudrER6lBOWMOdwCOtsA3HlgOeCk3RGurwq4Z7E3E5ME9cnu','',44,'','Chase Pitkin','Torsten','Mueller','Cheriton Rd','70','','WEST KNIGHTON','a7c40f632a0804ab5.18804076','','DT2 8ZP','078 4838 8597','','MR',1000,'2023-03-15 08:53:42','2023-03-15 08:53:42','','','1968-02-04','','',0,0,'2023-03-15 09:17:37'),('e2bc1e98-6c3b-4f16-adec-4c0c3556',1,'user',1,'EirinHaukas@dayrep.com','$2y$10$1Bv3ixKykB1ayq0.ptuTouHV.BP3dPd71gSuCkbonnSmzku6.O0ny','',7,'','Luria\'s','Eirin','Haukås','Luckenwalder Strasse','31','','Nenndorf','a7c40f631fc920687.20179984','','26556','04975 48 71 75','','MRS',1000,'2023-03-15 08:53:42','2023-03-15 08:53:42','','','1983-06-28','','',0,0,'2023-03-15 08:22:29'),('e623487a-c33a-4585-a1af-1046379f',1,'user',1,'DavidJohnsrud@dayrep.com','$2y$10$FrqKroKoIHZIle6m32VT5.dDbxpkYwdEWoi.DZ6.K4eNUSOs.Ryju','',100,'','Handy City','David','Johnsrud','Schmarjestrasse 36','','','Glienicke','a7c40f631fc920687.20179984','','16548','033056 77 55','','MR',1000,'2023-03-15 08:53:42','2023-03-15 08:53:42','','','1970-04-14','','',0,0,'2023-03-15 08:20:10'),('eaeba79c-60ce-4ec4-b022-a85b3a18',1,'user',1,'RoydenRouleau@jourrapide.com','$2y$10$TVMv85B31Rtxv9nsVit6Ge.9Vvd/OZYqqGSyPxXRssWKN7IVvRyBe','',70,'','Del Farm','Royden','Rouleau','Payne Street','1592','','Marion','8f241f11096877ac0.98748826','','24354','276-783-6451','','MR',1000,'2023-03-15 08:53:42','2023-03-15 08:53:42','','','1981-12-21','','',0,0,'2023-03-15 09:13:01'),('eb92b6eb-5487-48b0-b226-f2c2f5a3',1,'user',1,'IvanBorregoAmador@jourrapide.com','$2y$10$/siuxH5J.K6dYIy3SBIwwuxV8TXIVEepQwwDS0jqlqAD6Z3jc0ImC','',18,'','Mars Music','Ivan','Borrego','Kantstrasse','67','','Nürnberg','a7c40f631fc920687.20179984','','90482','0911 39 83 40','','MR',1000,'2023-03-15 08:53:42','2023-03-15 08:53:42','','','1966-07-26','','',0,0,'2023-03-15 08:55:26'),('ecdd542d-1f05-4fd3-b1f8-dd7d6a6b',1,'user',1,'WilliamFYonker@dayrep.com','$2y$10$w7zdDba3s/DxXjrSz6BehO44CKT/YijvJaM3jvJ7AQG6xroC9y7I.','',30,'','Team Designers and Associates','William','Yonker','Markt','27','','MÜHLGRUB','a7c40f6320aeb2ec2.72885259','','4540','0664 645 02 08','','MR',1000,'2023-03-15 08:53:42','2023-03-15 08:53:42','','','2001-04-14','','',0,0,'2023-03-15 09:21:14'),('f0d30788-b058-45b3-ac6b-ccbc0c90',1,'user',1,'HannahNoble@fleckens.hu','$2y$10$2GJYalNP0QWblReV/n.zt.ggqNgYeZp4Y.QRUBjPoEg5djp4J9Gmq','',39,'','Fretter','Hannah','Noble','Pasewalker Straße','42','','Murrhardt','a7c40f631fc920687.20179984','','71540','07192 30 91 52','','MRS',1000,'2023-03-15 08:53:42','2023-03-15 08:53:42','','','1943-11-18','','',0,0,'2023-03-15 08:29:26'),('f37ee78a-bfcd-40bb-9a94-b264505e',1,'user',1,'JoshuaValdezOlivarez@cuvox.de','$2y$10$xz4dg3w4g8zINiPhpRsalOZckctxNqu6CV43D.VgmFMbPKSTidxvu','',33,'','Integra Investment Plan','Joshua','Valdez','Alpenstrasse','10','','STEINDORF','a7c40f6320aeb2ec2.72885259','','8142','0660 518 53 70','','MR',1000,'2023-03-15 08:53:42','2023-03-15 08:53:42','','','1991-11-17','','',0,0,'2023-03-15 08:58:40'),('f573a007-5655-4fec-83f8-5e0c0d0c',1,'user',1,'HannahAbdullahi@teleworm.us','$2y$10$GBtnMGSwSP0LFKkgXPhXvuKOKYqifEQOeUArI4CNnuiiqZteNBghi','',53,'','Chase Pitkin','Hannah','Abdullahi','St Jean Baptiste St','1833','','Havre St Pierre','8f241f11095649d18.02676059','','G0G 1P0','418-532-4848','','MRS',1000,'2023-03-15 08:53:42','2023-03-15 08:53:42','','','1937-07-17','','',0,0,'2023-03-15 08:29:00'),('f7b90e0b-30e3-44d3-93d6-4d2aab89',1,'user',1,'ZoideLouw@gustr.com','$2y$10$k/ylAIFLj5LKq9YFFBpKyu6TOQaR1uUCbVTH4z2jyEzXkupb7qG32','',13,'','Thrift Auto Parts','Zoï','de Louw','Travis Street','2858','','Miami','8f241f11096877ac0.98748826','','33169','772-905-0337','','MRS',1000,'2023-03-15 08:53:42','2023-03-15 08:53:42','','','1943-03-14','','',0,0,'2023-03-15 09:22:02'),('fa43a5c8-3256-485a-90ed-2f5d3fc1',1,'user',1,'OrquideaDuarteFlorez@gustr.com','$2y$10$F3Ybc1sgJYElUr0QPv2iaOBXQ/K8iT2Hu1.C22Fy4WIn7uWxw6qDK','',25,'','Circuit City','Orquídea','Duarte','Laurel Lee','2226','','Goodhue County Mn','8f241f11096877ac0.98748826','','55066','651-764-7846','','MRS',1000,'2023-03-15 08:53:42','2023-03-15 08:53:42','','','1991-01-11','','',0,0,'2023-03-15 09:08:46'),('fade830b-6dd0-4b35-a486-be8cd920',1,'user',1,'GeremiasMontesPulido@cuvox.de','$2y$10$0zHVSD.1.Ub86K9UwJrbwusfTdEZaJLj4RqHGJvQTCl2Wvbjup9R6','',34,'','Great American Music','Geremías','Montés','Browning Lane','216','','Madison','8f241f11096877ac0.98748826','','53704','608-201-6185','','MR',1000,'2023-03-15 08:53:42','2023-03-15 08:53:42','','','1959-05-03','','',0,0,'2023-03-15 08:27:01'),('fe3caf35-aa69-4edc-a7d3-502feac7',1,'user',1,'RaemonArnold@gustr.com','$2y$10$U8csvibDVg9bc.UtoCtwGuud3Z5Fa9mvLsDdzvRVT7uMSvLaSLa26','',9,'','STM Auto Parts','Raemon','Arnold','Pappelallee','4','','Geisa','a7c40f631fc920687.20179984','','36416','036965 23 80','','MR',1000,'2023-03-15 08:53:42','2023-03-15 08:53:42','','','1997-10-25','','',0,0,'2023-03-15 09:11:21'),('ff2fce4a-47ec-4ad4-94e8-fa7eb344',1,'user',1,'TirsoAvalosRuiz@dayrep.com','$2y$10$cxHAcCl.qjtysJhm4OZ7Se6.7yfQhSR7OLbGSDD/vQhyl.bxplHGK','',60,'','Walt\'s IGA','Tirso','Ávalos','Salzburgerstrasse','69','','GRIESBACH','a7c40f6320aeb2ec2.72885259','','3920','0688 871 66 58','','MR',1000,'2023-03-15 08:53:42','2023-03-15 08:53:42','','','1945-05-06','','',0,0,'2023-03-15 09:16:16');

INSERT INTO `oxuserbasketitems` (`OXID`, `OXBASKETID`, `OXARTID`, `OXAMOUNT`, `OXSELLIST`, `OXPERSPARAM`, `OXTIMESTAMP`) VALUES ('0c13198576295ca109b279a0f27e07b1','35d960194f7628d317af4e8bf97a41e1','413aca742d9af77ce3eb1feec233bb9a','2','N;','','2023-03-30 07:22:41'),('0de9d5f126d3f21ea140d5d9e7317e8e','50b5def59d40af765bdc1ad3f50be8e3','413aca742d9af77ce3eb1feec233bb9a','8','N;','','2023-03-31 13:08:03'),('69e7e3bc4f25e8a7dd53296b0f48a883','8c3cfe1d167e4bd61bbd998f5f5625c9','2a101970f2a89c2a933c756bbd59782a','1','N;','','2023-03-15 12:00:40'),('aed8ad05aa228d3ed553b1e4e2de802c','982c651f6a8eb8dbb1a6ce329f4d02ff','2d9a1817ca1ca27fedf20cfe11931a33','1','N;','','2023-03-30 11:45:47'),('e3ca6ed6a001fff98b87fa5c0841977b','50b5def59d40af765bdc1ad3f50be8e3','94542966268ec6ae1bf1e0d3f9675ac8','4','N;','','2023-03-31 13:08:03'),('fa8deac4bb7831ea4ec610a59f5460f1','35d960194f7628d317af4e8bf97a41e1','1ffcc31548f4c70094dc854d899af778','1','N;','','2023-03-30 07:22:22');

INSERT INTO `oxuserbaskets` (`OXID`, `OXUSERID`, `OXTITLE`, `OXTIMESTAMP`, `OXPUBLIC`, `OXUPDATE`) VALUES ('35d960194f7628d317af4e8bf97a41e1','42bec175555a6cf22af4b7968d10619d','noticelist','2023-03-30 07:22:41',1,1680160961),('50b5def59d40af765bdc1ad3f50be8e3','42bec175555a6cf22af4b7968d10619d','savedbasket','2023-03-31 13:08:03',0,1680268083),('8c3cfe1d167e4bd61bbd998f5f5625c9','a98d7028-58f3-40b5-874c-abd701fc','savedbasket','2023-03-15 12:00:40',0,1678881640),('982c651f6a8eb8dbb1a6ce329f4d02ff','cbca8e27-f5a5-4f23-80ab-b1f499ee','savedbasket','2023-03-30 11:45:47',0,1680176747);

INSERT INTO `oxuserpayments` (`OXID`, `OXUSERID`, `OXPAYMENTSID`, `OXVALUE`, `OXTIMESTAMP`) VALUES ('0278d7737ebec02134ab4b03a704911a','fade830b-6dd0-4b35-a486-be8cd920','oxidpayadvance','','2023-03-30 08:14:53'),('02e69cff32ca8d9dce77425c5bdf18a6','d0e3dcc2-5972-4a53-9d06-dc0e6591','oxidpayadvance','','2023-03-29 12:30:12'),('185d6cca84ce4b9cf042dcaaa05ddfe1','42bec175555a6cf22af4b7968d10619d','oxidpayadvance','','2023-03-30 07:22:08'),('241b1161fe09cb5d7269d1a846aefc0a','b5f5e39f-35cf-4d76-ae7b-a68b4d24','oxidpayadvance','','2023-03-29 08:54:01'),('38b1953c4e194c525b87de8c87b44fdc','7ff50272-b9ce-4638-9873-f94d0835','oxidinvoice','','2023-03-29 13:28:53'),('42a22c147a05ec7f2bae7f77e597a02e','8f36ea98-4c38-4d45-94a0-7efc9ecf','oxidpayadvance','','2023-03-29 13:33:12'),('43ff79a96ba0ab26001b118d380574df','1c54b2b6-2bb5-4e8d-abac-8eaac91e','oxidinvoice','','2023-03-29 13:33:07'),('50de130bcfaa35f4b909bcaedf3c2bb6','84dd0617-2f4c-44e2-8300-e720ff05','oxidpayadvance','','2023-03-29 13:24:17'),('585a8b8da87b3f1762c2c77b266ce1b5','ecdd542d-1f05-4fd3-b1f8-dd7d6a6b','oxiddebitnote','lsbankname__RAIFFEISENLANDESBANK OBERÖSTERREICH AG	@@lsblz__RZOOAT2L@@lsktonr__AT023400000002613800@@lsktoinhaber__William Yonker@@','2023-03-29 12:43:11'),('67d8f448b3adad8fc64521715264fd3c','46373192-723c-4bf7-a0f6-e90e3058','oxidpayadvance','','2023-03-30 09:23:35'),('6adb5a98f86e1a43b589680ea79a2bbf','29343994-4cbe-4b3d-b78b-bcd24244','oxidinvoice','','2023-03-29 12:37:08'),('7997c8a37d9d9402ad32aaebef7d0887','2b2cf7c5-8439-4faf-b13b-a32f1f32','oxidinvoice','','2023-03-29 12:32:17'),('7cedb93e2ecd92f3951b81bc29923f20','c14f306c-db9a-483e-a590-f34722a4','oxidpayadvance','','2023-03-29 12:21:48'),('8037a0555bade8ac32255a5e53ad82da','504413d1-3464-401e-8cea-ac474bac','oxidcashondel','','2023-03-29 08:43:37'),('898209ae328ad5d2c26d982d348f9302','42bec175555a6cf22af4b7968d10619d','oxidpayadvance','','2023-03-23 08:31:55'),('91f79e417d682229c4117f1dd1191756','db1690fd-33ad-41c5-85c6-d3c9abff','oxidpayadvance','','2023-03-30 12:49:18'),('a832f9ca7b6d72498ce2e9ac1a910707','dd23116f9909ac4cd0e061fde503d5c6','oxidpayadvance','','2023-03-17 08:06:05'),('aaa33015489161ebd270573eb155eef6','0fcd2749-b29c-4681-a750-8e031fb7','oxidpayadvance','','2023-03-29 13:21:40'),('addcbaed4320302e977d6fd56dcf65ef','980a7d1e-0788-41ac-aca1-f8e7b894','oxidinvoice','','2023-03-29 13:18:39'),('b2f40fb05860fea685264b17e1ce58fa','06823b68-e4c3-4da8-b011-147195d9','oxidcashondel','','2023-03-30 09:00:04'),('b4687c842e7f286d1c28a1b491225ff0','1b33794a-3b8e-40a9-ab8a-0510a079','oxidpayadvance','','2023-03-30 12:40:28'),('b4e25ed5fcae9cc0ce75e4df67dd382f','4de3caa1-4cb0-4e55-867f-896d7409','oxidpayadvance','','2023-03-30 09:35:36'),('bb8dd6ecab83c0eded3e6e61d648b196','eb92b6eb-5487-48b0-b226-f2c2f5a3','oxidcashondel','','2023-03-29 08:12:57'),('c0c4ac7524827aa14626bd9a6492bcda','a6288167-e123-4dc8-8589-1432993d','oxidinvoice','','2023-03-29 12:38:35'),('c51071f529654bc2a059b34868ab98a2','4a480e49-8018-400a-8260-eabfb288','oxidcashondel','','2023-03-29 12:23:54'),('cb333c62a90f80377e16b5686922e644','7e8dab27-9788-4d0e-8fe1-c2075cda','oxidpayadvance','','2023-03-30 09:41:12'),('cce94f32f11506d1114091c2760615aa','266c07c3-747a-445d-a0ea-9870f485','oxidpayadvance','','2023-03-29 12:12:15'),('ef46735d1cc992b485c166ec6959729b','afe8ff7f-30a9-43ef-81bb-fa6f2eb4','oxidcashondel','','2023-03-29 12:09:45'),('f58ea34c0562fac0b7a25506117a18ee','6e2b1281-0094-4342-889e-54df7e8d','oxidinvoice','','2023-03-29 13:26:04'),('ff800b017a2560a36addf85b346bd891','f0d30788-b058-45b3-ac6b-ccbc0c90','oxidinvoice','','2023-03-29 12:28:04');

INSERT INTO `oxvouchers` (`OXDATEUSED`, `OXORDERID`, `OXUSERID`, `OXRESERVED`, `OXVOUCHERNR`, `OXVOUCHERSERIEID`, `OXDISCOUNT`, `OXID`, `OXTIMESTAMP`) VALUES ('0000-00-00','','',1676887868,'Test','f852cb3dd805b10a3d2263bc5443d768',NULL,'08dfe4ffc3211812f07a1061af6b71e2','2023-02-20 10:11:08'),('0000-00-00','','',0,'f87a104d84a5c332f154c7d36b16c9bc','f852cb3dd805b10a3d2263bc5443d768',NULL,'12db3697a3cb7a2c8e7cdcd1417a9ad3','2023-02-17 10:10:02'),('0000-00-00','','',0,'5d165aa59f87f117dea8ca4638ec30bd','f852cb3dd805b10a3d2263bc5443d768',NULL,'1b61413bfc96156e28acf3a7bdcbeb51','2023-02-17 10:10:02'),('0000-00-00','','',0,'9bd8c9e87d94043dcb456a7631d87c0f','f852cb3dd805b10a3d2263bc5443d768',NULL,'24129c5b3c5505c7a3fd467017db3a20','2023-02-17 10:10:02'),('0000-00-00','','',0,'Test','f852cb3dd805b10a3d2263bc5443d768',NULL,'2e739861e30b69f824988e8a65ec7b96','2023-02-17 10:20:43'),('0000-00-00','','',0,'Test','f852cb3dd805b10a3d2263bc5443d768',NULL,'6859e2a023ce9fc4acfb0b8701410d4e','2023-02-17 10:20:43'),('0000-00-00','','',0,'Test','f852cb3dd805b10a3d2263bc5443d768',NULL,'6d883e5b506ec8c525fbfdcb2f3d282d','2023-02-17 10:20:43'),('0000-00-00','','',0,'54d69e7cda650f3decb5969af19b2081','f852cb3dd805b10a3d2263bc5443d768',NULL,'73f9f485d22ae21c6ce6ab786f58fef2','2023-02-17 10:10:02'),('0000-00-00','','',0,'Test','f852cb3dd805b10a3d2263bc5443d768',NULL,'75799cf37cb5c415e0aa9259cbea76e6','2023-02-17 10:20:43'),('0000-00-00','','',0,'Test','f852cb3dd805b10a3d2263bc5443d768',NULL,'88c48f749e4065f5ced70fd10b8d51e1','2023-02-17 10:20:43'),('0000-00-00','','',0,'Test','f852cb3dd805b10a3d2263bc5443d768',NULL,'8c40a65e33229e48e4f82ef5c4c4198a','2023-02-17 10:20:43'),('0000-00-00','','',0,'04a33e75d8b66031dae62ac5c6d292bf','f852cb3dd805b10a3d2263bc5443d768',NULL,'92eda5b71c0b200cefb6a47c7ed5a839','2023-02-17 10:10:02'),('0000-00-00','','',0,'1e11f9371a6a0dac341a773d030500d7','f852cb3dd805b10a3d2263bc5443d768',NULL,'940f265cab8469193bf50d35cf509bc8','2023-02-17 10:10:02'),('0000-00-00','','',0,'84a9e5a5d1fb815d2ea18c96732c2e65','f852cb3dd805b10a3d2263bc5443d768',NULL,'a82fbab1952595cfb2f91c5684ed8abc','2023-02-17 10:10:02'),('0000-00-00','','',0,'9f0b95c963ff79606aa5e403ee224da5','f852cb3dd805b10a3d2263bc5443d768',NULL,'ab8e9a621b04b3dc437e3d679c0450ed','2023-02-17 10:10:02'),('0000-00-00','','',0,'Test','f852cb3dd805b10a3d2263bc5443d768',NULL,'b7401d45304755f873960a599e8dd09a','2023-02-17 10:20:43'),('0000-00-00','','',0,'Test','f852cb3dd805b10a3d2263bc5443d768',NULL,'badb926d6d8c97644ae29cc7d33f8ec2','2023-02-17 10:20:43'),('0000-00-00','','',0,'9bfc2d64f83382579fed95b0cd0cea52','f852cb3dd805b10a3d2263bc5443d768',NULL,'d92c5eaad6dc2a12a0d66838e6c351b9','2023-02-17 10:10:02'),('0000-00-00','','',0,'8198c1e47a38ddcbb3369348189e52cf','f852cb3dd805b10a3d2263bc5443d768',NULL,'e05aa373e693aecf9544cfc39719bbac','2023-02-17 10:10:02'),('0000-00-00','','',0,'Test','f852cb3dd805b10a3d2263bc5443d768',NULL,'f9708cc7f2808a0d0980812ca1bb9ff0','2023-02-17 10:20:43');

INSERT INTO `oxvoucherseries` (`OXID`, `OXSHOPID`, `OXSERIENR`, `OXSERIEDESCRIPTION`, `OXDISCOUNT`, `OXDISCOUNTTYPE`, `OXBEGINDATE`, `OXENDDATE`, `OXALLOWSAMESERIES`, `OXALLOWOTHERSERIES`, `OXALLOWUSEANOTHER`, `OXMINIMUMVALUE`, `OXCALCULATEONCE`, `OXTIMESTAMP`) VALUES ('f852cb3dd805b10a3d2263bc5443d768',1,'Test','',50.00,'percent','0000-00-00 00:00:00','0000-00-00 00:00:00',0,0,0,40000.00,0,'2023-02-17 10:08:04');

CREATE TABLE IF NOT EXISTS `ddmedia` (
    `OXID` char(32) CHARACTER SET latin1 COLLATE latin1_general_ci NOT NULL,
    `OXSHOPID` int(10) unsigned NOT NULL,
    `DDFILENAME` varchar(255) NOT NULL,
    `DDFILESIZE` int(10) unsigned NOT NULL,
    `DDFILETYPE` varchar(50) NOT NULL,
    `DDTHUMB` varchar(255) NOT NULL,
    `DDIMAGESIZE` varchar(100) DEFAULT NULL,
    `OXTIMESTAMP` timestamp NOT NULL DEFAULT CURRENT_TIMESTAMP ON UPDATE CURRENT_TIMESTAMP,
    PRIMARY KEY (`OXID`)
    ) ENGINE=InnoDB DEFAULT CHARSET=utf8;

REPLACE INTO `ddmedia` (`OXID`, `OXSHOPID`, `DDFILENAME`, `DDFILESIZE`, `DDFILETYPE`, `DDTHUMB`, `DDIMAGESIZE`, `OXTIMESTAMP`) VALUES ('067d6ecc1d6c622e984837277e167456',1,'stopsign.jpg',5486,'image/jpeg','067d6ecc1d6c622e984837277e167456_thumb_185.jpg','200x200','2023-04-27 05:58:32'),('0cc6edebeb7d208fbe04f926eb2bd006',1,'01_SUV_Vorn.jpg',143467,'image/jpeg','0cc6edebeb7d208fbe04f926eb2bd006_thumb_185.jpg','1500x1500','2023-04-27 05:58:53'),('265c9a94c604c552b35fe62c0fbcf9af',1,'Auto_03_Mood_b_ohneHintegrund.jpg',116206,'image/jpeg','265c9a94c604c552b35fe62c0fbcf9af_thumb_185.jpg','1344x1344','2023-04-27 05:58:45'),('2954639811fb9706c4cb555a7d3d6123',1,'eco_label_black.jpg',63314,'image/jpeg','2954639811fb9706c4cb555a7d3d6123_thumb_185.jpg','800x800','2023-04-27 05:58:33'),('46a270756352540a3fc7c4500166350c',1,'Unbenannt2.jpg',21100,'image/jpeg','46a270756352540a3fc7c4500166350c_thumb_185.jpg','433x433','2023-04-27 05:58:34'),('4ea0c28ed8440e758a9bff9a6f519503',1,'Auto_02b_Schwarz_Hinten.jpg',77966,'image/jpeg','4ea0c28ed8440e758a9bff9a6f519503_thumb_185.jpg','1500x1500','2023-04-27 05:58:47'),('59a03b3600e5c596e5e620641d56780b',1,'seal-test-passed-pdv.jpg',149129,'image/jpeg','59a03b3600e5c596e5e620641d56780b_thumb_185.jpg','870x868','2023-04-27 05:58:32'),('6fde12ee109faa233bd22dced35f6f7b',1,'Auto_03b_Seite.jpg',84216,'image/jpeg','6fde12ee109faa233bd22dced35f6f7b_thumb_185.jpg','1500x1500','2023-04-27 05:58:44'),('867b0d6f0ffdff220b98f7b2373d0ad9',1,'Auto_01b_Vorn.jpg',100401,'image/jpeg','867b0d6f0ffdff220b98f7b2373d0ad9_thumb_185.jpg','1500x1500','2023-04-27 05:58:49'),('8a528910cb389b44da73344425535feb',1,'Auto_03b_Vorn.jpg',99046,'image/jpeg','8a528910cb389b44da73344425535feb_thumb_185.jpg','1500x1500','2023-04-27 05:58:44'),('8f670bd0d8f0dd024e81405753aa35f2',1,'02_Sport_Seite.jpg',93392,'image/jpeg','8f670bd0d8f0dd024e81405753aa35f2_thumb_185.jpg','1500x1500','2023-04-27 05:58:51'),('92ecf4a3958d579247056cc0fff6619d',1,'Auto_03b_Hinten.jpg',102478,'image/jpeg','92ecf4a3958d579247056cc0fff6619d_thumb_185.jpg','1500x1500','2023-04-27 05:58:45'),('9681e87c246e7801de9af86508326d60',1,'Midjourney_fashion_mood_sketch_2604b899-7b74-4abd-a7b6-ced459fe4933.jpg',92335,'image/jpeg','9681e87c246e7801de9af86508326d60_thumb_185.jpg','1024x1024','2023-04-27 05:58:36'),('968cb1598794acf79e390509a3082464',1,'Auto_02b_Vorn__1.jpg',82994,'image/jpeg','968cb1598794acf79e390509a3082464_thumb_185.jpg','1500x1500','2023-04-27 05:58:46'),('b5876fec98dfe836fd63a131c7d31fab',1,'Auto_03b_Vorn_1.jpg',99046,'image/jpeg','b5876fec98dfe836fd63a131c7d31fab_thumb_185.jpg','1500x1500','2023-04-27 05:58:43'),('b9fb9d37bdf15a699bc071ce49baea53',1,'download.jpg',2560,'image/jpeg','b9fb9d37bdf15a699bc071ce49baea53_thumb_185.jpg','120x120','2023-04-27 05:58:33'),('c37b493efe2b95e234880f8cf03a0c24',1,'02_Sport_Hinten.jpg',128075,'image/jpeg','c37b493efe2b95e234880f8cf03a0c24_thumb_185.jpg','1500x1500','2023-04-27 05:58:52'),('caa3c1e0b531b83beb5ab2009c4594e8',1,'01_SUV__Hinten.jpg',163353,'image/jpeg','caa3c1e0b531b83beb5ab2009c4594e8_thumb_185.jpg','1500x1500','2023-04-27 05:58:52'),('d40c3b2d2093c90f4c9e6361544c79d4',1,'Auto_02b_Rot_Vorn_.jpg',91541,'image/jpeg','d40c3b2d2093c90f4c9e6361544c79d4_thumb_185.jpg','1500x1500','2023-04-27 05:58:47'),('d4da253a19f0d98bf10a0380306c3e40',1,'01_SUV_Seite.jpg',130424,'image/jpeg','d4da253a19f0d98bf10a0380306c3e40_thumb_185.jpg','1500x1500','2023-04-27 05:58:53'),('d6b6fe14b8e8b5a3e6186d09f17c4ad6',1,'02_Sport_Vorn.jpg',125667,'image/jpeg','d6b6fe14b8e8b5a3e6186d09f17c4ad6_thumb_185.jpg','1500x1500','2023-04-27 05:58:51'),('e5605bfb482c55143497ae20f44952e1',1,'Felge_4.jpg',151744,'image/jpeg','e5605bfb482c55143497ae20f44952e1_thumb_185.jpg','1500x1500','2023-04-27 05:58:36'),('fdd6fd28dd6f68d80e9dcd6107fb5f77',1,'Unbenannt1.jpg',21579,'image/jpeg','fdd6fd28dd6f68d80e9dcd6107fb5f77_thumb_185.jpg','418x418','2023-04-27 05:58:34');

REPLACE INTO `ddmedia` (`OXID`, `OXSHOPID`, `DDFILENAME`, `DDFILESIZE`, `DDFILETYPE`, `DDTHUMB`, `DDIMAGESIZE`, `OXTIMESTAMP`) VALUES ('10ade01da92d3a28663667543da018e9',1,'Design ohne Titel (67).jpg',94234,'image/jpeg','10ade01da92d3a28663667543da018e9_thumb_185.jpg','1500x800','2023-04-27 06:03:47'),('156005c5baf40ff51a327f1c34f2975b',1,'2.jpg',149633,'image/jpeg','156005c5baf40ff51a327f1c34f2975b_thumb_185.jpg','1500x700','2023-04-27 06:04:01'),('169f66bc819b2da8b5b268d690d60917',1,'Design ohne Titel (66).jpg',76565,'image/jpeg','169f66bc819b2da8b5b268d690d60917_thumb_185.jpg','1500x800','2023-04-27 06:03:41'),('1941359a588082ff6ec8ce781a9a0fea',1,'Felge2.jpg',46128,'image/jpeg','1941359a588082ff6ec8ce781a9a0fea_thumb_185.jpg','1500x700','2023-04-27 06:03:46'),('1c1def88de1f20f77d386055121eab78',1,'Optimized-Auto_03_Mood_b.jpg',102151,'image/jpeg','1c1def88de1f20f77d386055121eab78_thumb_185.jpg','1200x720','2023-04-27 06:03:45'),('2151f3d361a0d0db2dfe0180d646adf5',1,'_4.jpg',123381,'image/jpeg','2151f3d361a0d0db2dfe0180d646adf5_thumb_185.jpg','1500x700','2023-04-27 06:03:43'),('2f62008ed621c5bd447762547107f756',1,'Auto_02_Mood_2_silber.jpg',185921,'image/jpeg','2f62008ed621c5bd447762547107f756_thumb_185.jpg','2500x1500','2023-04-27 06:03:59'),('32f2b0a02ecec5c48210818bf8b96c67',1,'Design ohne Titel (3).jpg',70559,'image/jpeg','32f2b0a02ecec5c48210818bf8b96c67_thumb_185.jpg','1500x660','2023-04-27 06:03:49'),('45c4202d07e1ff46a1083c43314a87e4',1,'Design ohne Titel (2) Kopie 2_2.jpg',86950,'image/jpeg','45c4202d07e1ff46a1083c43314a87e4_thumb_185.jpg','1500x800','2023-04-27 06:03:51'),('4a3502358257aea10ff90585cc0947d9',1,'SportsCar_Sc1.jpg',305236,'image/jpeg','4a3502358257aea10ff90585cc0947d9_thumb_185.jpg','2000x1500','2023-04-27 06:03:44'),('4a5b2cf28b39bf16c9e0664fd8590b44',1,'Auto_03_Mood.jpg',218508,'image/jpeg','4a5b2cf28b39bf16c9e0664fd8590b44_thumb_185.jpg','2000x1500','2023-04-27 06:03:56'),('532c5553baf52ffb3d59eac26d8eb9d6',1,'Design ohne Titel (2) Kopie_1.jpg',113839,'image/jpeg','532c5553baf52ffb3d59eac26d8eb9d6_thumb_185.jpg','1500x800','2023-04-27 06:03:50'),('5cb55b30bb9f9c0702f13126750d4248',1,'Design ohne Titel (2) Kopie 3_1.jpg',117117,'image/jpeg','5cb55b30bb9f9c0702f13126750d4248_thumb_185.jpg','1500x800','2023-04-27 06:03:51'),('5fa98e8143d163e7e59e6c2680e82e82',1,'Felge1.jpg',34104,'image/jpeg','5fa98e8143d163e7e59e6c2680e82e82_thumb_185.jpg','1500x700','2023-04-27 06:03:47'),('6144182dc0e1673c8f7eef04fb4d7989',1,'h2_1.jpg',38223,'image/jpeg','6144182dc0e1673c8f7eef04fb4d7989_thumb_185.jpg','1500x500','2023-04-27 06:03:42'),('6c9414ba7913dd3e0f828df41f7e84c5',1,'Bild1.jpg',16677,'image/jpeg','6c9414ba7913dd3e0f828df41f7e84c5_thumb_185.jpg','755x184','2023-04-27 06:03:54'),('6cb28faff8bb85b3c98e411111e8cc34',1,'Car_03_Mood.jpg',361370,'image/jpeg','6cb28faff8bb85b3c98e411111e8cc34_thumb_185.jpg','2000x1500','2023-04-27 06:03:53'),('6f83b73bcdcf9f996b747c787f8bcd00',1,'Felge3.jpg',49442,'image/jpeg','6f83b73bcdcf9f996b747c787f8bcd00_thumb_185.jpg','1500x700','2023-04-27 06:03:46'),('799bad5a3b514f096e69bbc4a7896cd9',1,'3.jpg',123381,'image/jpeg','799bad5a3b514f096e69bbc4a7896cd9_thumb_185.jpg','1500x700','2023-04-27 06:04:00'),('7c9be50f8012e789344b48e7c00cbffb',1,'Design ohne Titel.jpg',68959,'image/jpeg','7c9be50f8012e789344b48e7c00cbffb_thumb_185.jpg','1500x500','2023-04-27 06:03:47'),('7d1f09ae5c946fa519e81953a9875535',1,'Design ohne Titel (2) Kopie 3_2.jpg',117117,'image/jpeg','7d1f09ae5c946fa519e81953a9875535_thumb_185.jpg','1500x800','2023-04-27 06:03:51'),('816b358f4558afc8e7aec6c9fea91599',1,'CargoMaster X2_scribble.jpg',5814,'image/jpeg','816b358f4558afc8e7aec6c9fea91599_thumb_185.jpg','270x125','2023-04-27 06:03:52'),('840fe5f2ec3bb59fbc493d0c775882cc',1,'Design ohne Titel (64).jpg',77956,'image/jpeg','840fe5f2ec3bb59fbc493d0c775882cc_thumb_185.jpg','1500x800','2023-04-27 06:03:48'),('8797be923f85a6e90dbf20f613738604',1,'lieferwagen eshop.jpg',77993,'image/jpeg','8797be923f85a6e90dbf20f613738604_thumb_185.jpg','1500x800','2023-04-27 06:03:42'),('89d3e84001da159e32a8ff9335f3c874',1,'Design ohne Titel (2).jpg',85762,'image/jpeg','89d3e84001da159e32a8ff9335f3c874_thumb_185.jpg','1500x660','2023-04-27 06:03:49'),('8c2f8411c74e0f3db442fbafcc509455',1,'Car_03_Mood (1).jpg',380126,'image/jpeg','8c2f8411c74e0f3db442fbafcc509455_thumb_185.jpg','2000x1500','2023-04-27 06:03:53'),('8ef6071893a7b95d388166bc08b7faf8',1,'Design ohne Titel (2) Kopie.jpg',113839,'image/jpeg','8ef6071893a7b95d388166bc08b7faf8_thumb_185.jpg','1500x800','2023-04-27 06:03:50'),('999cf93cdec8c5e309c875f8541a97e7',1,'CargoMaster X1_scribble.jpg',5765,'image/jpeg','999cf93cdec8c5e309c875f8541a97e7_thumb_185.jpg','270x125','2023-04-27 06:03:53'),('ab76e3a1c8ff7d6f04de665b045ee343',1,'Design ohne Titel (2) Kopie 2_1.jpg',86950,'image/jpeg','ab76e3a1c8ff7d6f04de665b045ee343_thumb_185.jpg','1500x800','2023-04-27 06:03:52'),('ad38d50f787373def335c46c977c268c',1,'Design ohne Titel (5).jpg',71500,'image/jpeg','ad38d50f787373def335c46c977c268c_thumb_185.jpg','1500x800','2023-04-27 06:03:48'),('afe4bbfe0475985f7f54e0267a35edfe',1,'Auto_02b_Hinten.jpg',178056,'image/jpeg','afe4bbfe0475985f7f54e0267a35edfe_thumb_185.jpg','2500x1500','2023-04-27 06:03:58'),('c79a7e7a3ab791f39fa3cc0d09a44223',1,'Optimized-Auto_02_Mood_2_rot.jpg',55691,'image/jpeg','c79a7e7a3ab791f39fa3cc0d09a44223_thumb_185.jpg','1200x720','2023-04-27 06:03:45'),('c80a13be7d780cbe9a6e6ce21add0c19',1,'Design ohne Titel (2) Kopie 2.jpg',86950,'image/jpeg','c80a13be7d780cbe9a6e6ce21add0c19_thumb_185.jpg','1500x800','2023-04-27 06:03:52'),('cb50b4322b2be0a64dd27fcb19e442bb',1,'Design ohne Titel (64)_1.jpg',77956,'image/jpeg','cb50b4322b2be0a64dd27fcb19e442bb_thumb_185.jpg','1500x800','2023-04-27 06:03:48'),('d549f69904610c817cf6ec5604b1bfa9',1,'Design ohne Titel (4).jpg',89528,'image/jpeg','d549f69904610c817cf6ec5604b1bfa9_thumb_185.jpg','1500x800','2023-04-27 06:03:49'),('df76e9a7f4b10dffa8ce5b3bca9e9c11',1,'Design ohne Titel (2) Kopie_2.jpg',113839,'image/jpeg','df76e9a7f4b10dffa8ce5b3bca9e9c11_thumb_185.jpg','1500x800','2023-04-27 06:03:50'),('e21efeb17ea1f04f042bca1a1cee09f9',1,'Design ohne Titel (62).jpg',77956,'image/jpeg','e21efeb17ea1f04f042bca1a1cee09f9_thumb_185.jpg','1500x800','2023-04-27 06:03:48'),('e2c792a2b91db848037546a768e4de98',1,'_3.jpg',149633,'image/jpeg','e2c792a2b91db848037546a768e4de98_thumb_185.jpg','1500x700','2023-04-27 06:03:43'),('e6388b5c0937642c0e97515110ef835c',1,'h2.jpg',38223,'image/jpeg','e6388b5c0937642c0e97515110ef835c_thumb_185.jpg','1500x500','2023-04-27 06:03:42'),('ee0e6af46a0babd242ee4ec928b4d9d2',1,'Auto_01_Mood_b.jpg',269823,'image/jpeg','ee0e6af46a0babd242ee4ec928b4d9d2_thumb_185.jpg','2500x1500','2023-04-27 06:04:00'),('f18a2e0054c319422f0d8763221dfacf',1,'Design ohne Titel (2) Kopie 3.jpg',117117,'image/jpeg','f18a2e0054c319422f0d8763221dfacf_thumb_185.jpg','1500x800','2023-04-27 06:03:51'),('f3ccdd27d2000e3f9255a7e3e2c48800',1,'1.jpg',133594,'image/jpeg','f3ccdd27d2000e3f9255a7e3e2c48800_thumb_185.jpg','1500x700','2023-04-27 06:04:01');

INSERT INTO `oxshops` (`OXID`, `OXACTIVE`, `OXPRODUCTIVE`, `OXDEFCURRENCY`, `OXDEFLANGUAGE`, `OXNAME`, `OXTITLEPREFIX`, `OXTITLEPREFIX_1`, `OXTITLEPREFIX_2`, `OXTITLEPREFIX_3`, `OXTITLESUFFIX`, `OXTITLESUFFIX_1`, `OXTITLESUFFIX_2`, `OXTITLESUFFIX_3`, `OXSTARTTITLE`, `OXSTARTTITLE_1`, `OXSTARTTITLE_2`, `OXSTARTTITLE_3`, `OXINFOEMAIL`, `OXORDEREMAIL`, `OXOWNEREMAIL`, `OXORDERSUBJECT`, `OXREGISTERSUBJECT`, `OXFORGOTPWDSUBJECT`, `OXSENDEDNOWSUBJECT`, `OXORDERSUBJECT_1`, `OXREGISTERSUBJECT_1`, `OXFORGOTPWDSUBJECT_1`, `OXSENDEDNOWSUBJECT_1`, `OXORDERSUBJECT_2`, `OXREGISTERSUBJECT_2`, `OXFORGOTPWDSUBJECT_2`, `OXSENDEDNOWSUBJECT_2`, `OXORDERSUBJECT_3`, `OXREGISTERSUBJECT_3`, `OXFORGOTPWDSUBJECT_3`, `OXSENDEDNOWSUBJECT_3`, `OXSMTP`, `OXSMTPUSER`, `OXSMTPPWD`, `OXCOMPANY`, `OXSTREET`, `OXZIP`, `OXCITY`, `OXCOUNTRY`, `OXBANKNAME`, `OXBANKNUMBER`, `OXBANKCODE`, `OXVATNUMBER`, `OXTAXNUMBER`, `OXBICCODE`, `OXIBANNUMBER`, `OXFNAME`, `OXLNAME`, `OXTELEFON`, `OXTELEFAX`, `OXURL`, `OXDEFCAT`, `OXHRBNR`, `OXCOURT`, `OXADBUTLERID`, `OXAFFILINETID`, `OXSUPERCLICKSID`, `OXAFFILIWELTID`, `OXAFFILI24ID`, `OXEDITION`, `OXVERSION`, `OXSEOACTIVE`, `OXSEOACTIVE_1`, `OXSEOACTIVE_2`, `OXSEOACTIVE_3`) VALUES
    (1, 1, 0, '', 0, 'OXID eShop', 'OXID eShop', 'OXID eShop', '', '', 'online kaufen', 'purchase online', '', '', 'Der Onlineshop', 'Online Shop', '', '', 'info@myoxideshop.com', 'reply@myoxideshop.com', 'order@myoxideshop.com', 'Ihre Bestellung bei OXID eSales', 'Vielen Dank für Ihre Registrierung im OXID eShop', 'Ihr Passwort im OXID eShop', 'Ihre OXID eSales Bestellung wurde versandt', 'Your order at OXID eShop', 'Thank you for your registration at OXID eShop', 'Your OXID eShop password', 'Your OXID eSales Order has been shipped', '', '', '', '', '', '', '', '', '', '', '', 'Your Company Name', '2425 Maple Street', '9041', 'Any City, CA', 'United States', 'Bank of America', '1234567890', '900 1234567', '', '', '', '', 'John', 'Doe', '217-8918712', '217-8918713', 'www.myoxideshop.com', '', '', '', '', '', '', '', '', '', '', 1, 1, 0, 0);

